{"id":1356,"date":"2016-09-21T10:20:47","date_gmt":"2016-09-21T09:20:47","guid":{"rendered":"http:\/\/www.soshepatites.org\/plateforme\/?page_id=1356"},"modified":"2018-02-23T13:47:56","modified_gmt":"2018-02-23T12:47:56","slug":"hepatite-b","status":"publish","type":"page","link":"https:\/\/soshepatites.org\/plateforme\/hepatite-b\/","title":{"rendered":"H\u00e9patite B"},"content":{"rendered":"<p>Si vous \u00eates arriv\u00e9 sur cette plateforme h\u00e9patite B, il y a une raison !<\/p>\n<ul>\n<li>Vous voulez savoir si vous \u00eates prot\u00e9g\u00e9 ?<\/li>\n<li>Vous ne savez plus si vous \u00eates vaccin\u00e9 ?<\/li>\n<li>\u00a0Vous avez \u00e9t\u00e9 diagnostiqu\u00e9 d&rsquo;une h\u00e9patite B chronique, active ou non et vous cherchez des informations ?<\/li>\n<\/ul>\n<p><span style=\"color: #019dc8;\"><strong>Sur cette plateforme nous allons vous aider \u00e0 trouver des r\u00e9ponses.<\/strong><\/span><\/p>\n<h3>L\u2019h\u00e9patite B, c\u2019est quoi ?<\/h3>\n<p style=\"text-align: justify;\">Transmise par un virus, l\u2019h\u00e9patite B est la maladie sexuellement transmissible la plus r\u00e9pandue dans le monde : <strong>2 milliards de personnes ont \u00e9t\u00e9 contamin\u00e9es !<\/strong> Beaucoup d\u2019entre elles vont gu\u00e9rir spontan\u00e9ment mais il en reste malgr\u00e9 tout 400 millions qui ne sont pas encore d\u00e9pist\u00e9es, et dont l\u2019h\u00e9patite va \u00e9voluer vers la chronicit\u00e9.<br \/>\nL\u2019h\u00e9patite B est responsable de <strong>1 million de morts par an<\/strong>, ce n\u2019est pas rien !<\/p>\n<p style=\"text-align: justify;\">\n<p style=\"text-align: justify;\"><img loading=\"lazy\" decoding=\"async\" class=\" wp-image-1383 aligncenter\" src=\"http:\/\/www.soshepatites.org\/plateforme\/wp-content\/uploads\/2016\/09\/cartehepatb-300x205.jpg\" alt=\"cartehepatb\" width=\"357\" height=\"244\" \/><br \/>\nEn France, ce sont environ <strong>280 000 personnes<\/strong> adultes qui sont infect\u00e9es de fa\u00e7on chronique par ce virus, mais seulement la moiti\u00e9 ont connaissance de leur statut.<br \/>\n<strong>Ainsi, pr\u00e8s de 150 000 personnes sont porteuses de l\u2019h\u00e9patite B en France et ignorent leur statut !<\/strong><\/p>\n<h3 style=\"text-align: justify;\">H\u00e9patite A, B ou C ?<\/h3>\n<p style=\"text-align: justify;\">Nombre de personnes confondent souvent les diff\u00e9rentes h\u00e9patites : l\u2019h\u00e9patite A, l\u2019h\u00e9patite B, l\u2019h\u00e9patite C. Elles ne savent pas bien lesquelles gu\u00e9rissent spontan\u00e9ment ou non, et l\u2019h\u00e9patite B en est un parfait exemple.<br \/>\nVous connaissez peut-\u00eatre des personnes qui ont eu une h\u00e9patite B, qui sont gu\u00e9ries et qui vont tr\u00e8s bien ! Alors, pourquoi tout ce \u201cbattage\u201d autour de cette maladie ? Et pourquoi seriez-vous concern\u00e9 ?<br \/>\nIl faut savoir que le virus de l\u2019h\u00e9patite B (VHB) est 10 fois plus contaminant que le virus de l\u2019h\u00e9patite C (VHC) et <strong>100 fois plus contaminant que le virus du sida<\/strong> (VIH). Le virus de l\u2019h\u00e9patite B se transmet par contact avec le sang et les liquides biologiques, le sperme, les s\u00e9cr\u00e9tions vaginales, parfois la salive, ou de la m\u00e8re \u00e0 l\u2019enfant.<br \/>\nIl survit 7 jours en dehors du corps humain, et r\u00e9siste \u00e0 l\u2019alcool et l\u2019\u00e9ther. \u00c0 titre de comparaison, le VIH ne survit que quelques heures et le VHC, 5 jours.<br \/>\nAutre diff\u00e9rence importante entre ces deux maladies potentiellement graves que sont l\u2019h\u00e9patite B et l\u2019h\u00e9patite C : seule <strong>l\u2019h\u00e9patite B dispose d\u2019un vaccin<\/strong> qui permet de s\u2019en prot\u00e9ger. (Il existe \u00e9galement un vaccin contre l\u2019h\u00e9patite A, mais cette h\u00e9patite ne pr\u00e9sente pas de risque de chronicit\u00e9.)<\/p>\n<h3>Le vaccin<\/h3>\n<p style=\"text-align: justify;\">Oui, mais pourquoi donc se faire vacciner ?<br \/>\nSi certaines maladies comme la poliomy\u00e9lite, la dipht\u00e9rie, le t\u00e9tanos ou la tuberculose ont disparu, c\u2019est gr\u00e2ce \u00e0 la vaccination et non parce qu\u2019elles n\u2019existent plus, comme on pourrait le croire. D\u2019ailleurs, la r\u00e9apparition de certaines de ces maladies est due uniquement \u00e0 un rel\u00e2chement sur la vaccination.<br \/>\nPour l\u2019h\u00e9patite B, 90% des personnes qui la contracteront vont gu\u00e9rir spontan\u00e9ment, sans s\u00e9quelles, mais environ 10% vont conserver le virus et passer \u00e0 une forme chronique, potentiellement grave, qui peut \u00e9voluer en cirrhose du foie et\/ou en cancer du foie.<\/p>\n<p style=\"text-align: justify;\"><strong>Quelques chiffres :<\/strong> chaque ann\u00e9e, en France, il y a <strong>3000<\/strong> contaminations par le VHB. Elles donneront <strong>3<\/strong> h\u00e9patites fulminantes (voir ci-dessous), <strong>60 \u00e0 150<\/strong> h\u00e9patites \u00e9voluant vers la chronicit\u00e9, dont <strong>15 \u00e0 30<\/strong> vers un carcinome h\u00e9patocellulaire, ou CHC (cancer du foie).<br \/>\nVous \u00eates joueur(se), peut-\u00eatre ? Pour le Loto, vous avez une chance sur 19 068 840 de le remporter ! Pour l\u2019h\u00e9patite B, si vous contractez la maladie, vous avez 1 chance sur 10 pour qu\u2019elle devienne une h\u00e9patite chronique, ou plut\u00f4t une malchance\u2026 C\u2019est moins risqu\u00e9 que la roulette russe, mais quand m\u00eame pas mal, non ?<br \/>\n<span style=\"color: #019dc8;\"><strong>Si le monde entier avait acc\u00e8s \u00e0 la vaccination contre l\u2019h\u00e9patite B, la maladie dispara\u00eetrait de la plan\u00e8te. N\u2019oublions pas que la vaccination a sauv\u00e9 davantage de vies que les antibiotiques !<\/strong><\/span><\/p>\n<p style=\"text-align: justify;\">En France, la vaccination des nourrissons contre l\u2019h\u00e9patite B est inscrite au calendrier vaccinal : <a href=\"http:\/\/www.soshepatites.org\/plateforme\/wp-content\/uploads\/2016\/09\/calendrier-vaccinal-2.pdf\" target=\"_blank\" rel=\"noopener\">calendrier-vaccinal<\/a><\/p>\n<p>&nbsp;<\/p>\n<p><img loading=\"lazy\" decoding=\"async\" class=\"size-medium wp-image-1415 aligncenter\" src=\"http:\/\/www.soshepatites.org\/plateforme\/wp-content\/uploads\/2016\/09\/SOS_hepatites-Afffiche_bebe_hepatite_B-40x60cm-fev_2012-HD-202x300.jpg\" alt=\"sos_hepatites-afffiche_bebe_hepatite_b-40x60cm-fev_2012-hd\" width=\"202\" height=\"300\" \/>\u00c0 d\u00e9faut, les personnes \u00e0 vacciner prioritairement sont :<\/p>\n<ul>\n<li>les personnels de sant\u00e9,<\/li>\n<li>les nouveau-n\u00e9s de m\u00e8res porteuses de l\u2019antig\u00e8ne Hbs du virus de l\u2019h\u00e9patite B<\/li>\n<li>les enfants en \u00e2ge pr\u00e9scolaire admis en institution (cr\u00e8che, etc.),<\/li>\n<li>les toxicomanes,<\/li>\n<li>les personnes \u00e0 partenaires sexuels multiples,<\/li>\n<li>les personnes immunod\u00e9prim\u00e9es,<\/li>\n<li>les candidats \u00e0 la transplantation,<\/li>\n<li>l\u2019entourage d\u2019un porteur du virus de l\u2019h\u00e9patite B.<\/li>\n<\/ul>\n<h3>\u00c9volution naturelle de l&rsquo;h\u00e9patite B<\/h3>\n<p><img loading=\"lazy\" decoding=\"async\" class=\"size-medium wp-image-1576 aligncenter\" src=\"http:\/\/www.soshepatites.org\/plateforme\/wp-content\/uploads\/2016\/09\/HISTOIRE-NATURELLE-HEPATITES--194x300.jpg\" alt=\"histoire-naturelle-hepatites\" width=\"194\" height=\"300\" \/><\/p>\n<h4><\/h4>\n<p style=\"text-align: justify;\">Apr\u00e8s la contamination (infection), le virus met 12 semaines avant d\u2019\u00eatre d\u00e9tectable dans le sang.<br \/>\nVient ensuite la phase aigu\u00eb, qui dure entre 3 et 6 mois.<br \/>\n\u00c0 partir de l\u00e0 :<\/p>\n<ul style=\"text-align: justify;\">\n<li style=\"text-align: justify;\">soit votre organisme arrive \u00e0 \u00e9liminer le virus : on parle de gu\u00e9rison spontan\u00e9e ;<\/li>\n<li style=\"text-align: justify;\">soit votre organisme n\u2019a pas suffisamment de d\u00e9fenses et le virus va persister au-del\u00e0 de 6 mois : on parle alors d\u2019h\u00e9patite chronique ;<\/li>\n<li style=\"text-align: justify;\">plus rarement, l\u2019h\u00e9patite aigu\u00eb s\u2019aggrave tr\u00e8s rapidement : on parle alors d\u2019h\u00e9patite fulminante.<\/li>\n<\/ul>\n<p style=\"text-align: justify;\">L\u2019h\u00e9patite chronique provoque une <strong>fibrose<\/strong>, qui peut \u00e9voluer en <strong>cirrhose<\/strong> et en <strong>cancer<\/strong>. Le cancer peut toutefois se d\u00e9clarer sans passer par le stade de cirrhose.<\/p>\n<p style=\"text-align: justify;\">Par ailleurs, l\u2019exc\u00e8s de graisse se fixera plus facilement sur le foie risque d\u2019aggraver l\u2019ensemble. Cet exc\u00e8s de graisse sur le foie s\u2019appelle la <strong>st\u00e9atose<\/strong>.<\/p>\n","protected":false},"excerpt":{"rendered":"<p>Si vous \u00eates arriv\u00e9 sur cette plateforme h\u00e9patite B, il y a une raison ! Vous voulez savoir si vous \u00eates prot\u00e9g\u00e9 ? Vous ne savez plus si vous \u00eates vaccin\u00e9 ? \u00a0Vous avez \u00e9t\u00e9 diagnostiqu\u00e9 d&rsquo;une h\u00e9patite B chronique, active ou non et vous cherchez des informations ? Sur cette plateforme nous allons vous &hellip; <a href=\"https:\/\/soshepatites.org\/plateforme\/hepatite-b\/\" class=\"more-link\">Continuer la lecture de <span class=\"screen-reader-text\">H\u00e9patite B<\/span> <span class=\"meta-nav\">&rarr;<\/span><\/a><\/p>\n","protected":false},"author":1,"featured_media":0,"parent":0,"menu_order":0,"comment_status":"closed","ping_status":"closed","template":"page-templates\/pf2-page-sans-article.php","meta":{"_acf_changed":false,"footnotes":""},"class_list":["post-1356","page","type-page","status-publish","hentry"],"acf":[],"yoast_head":"<!-- This site is optimized with the Yoast SEO plugin v27.4 - https:\/\/yoast.com\/product\/yoast-seo-wordpress\/ -->\n<title>H\u00e9patite B - nous sommes H\u00c9PATANTS<\/title>\n<meta name=\"robots\" content=\"index, follow, max-snippet:-1, max-image-preview:large, max-video-preview:-1\" \/>\n<link rel=\"canonical\" href=\"https:\/\/soshepatites.org\/plateforme\/hepatite-b\/\" \/>\n<meta property=\"og:locale\" content=\"fr_FR\" \/>\n<meta property=\"og:type\" content=\"article\" \/>\n<meta property=\"og:title\" content=\"H\u00e9patite B - nous sommes H\u00c9PATANTS\" \/>\n<meta property=\"og:description\" content=\"Si vous \u00eates arriv\u00e9 sur cette plateforme h\u00e9patite B, il y a une raison ! Vous voulez savoir si vous \u00eates prot\u00e9g\u00e9 ? Vous ne savez plus si vous \u00eates vaccin\u00e9 ? \u00a0Vous avez \u00e9t\u00e9 diagnostiqu\u00e9 d&rsquo;une h\u00e9patite B chronique, active ou non et vous cherchez des informations ? Sur cette plateforme nous allons vous &hellip; Continuer la lecture de H\u00e9patite B &rarr;\" \/>\n<meta property=\"og:url\" content=\"https:\/\/soshepatites.org\/plateforme\/hepatite-b\/\" \/>\n<meta property=\"og:site_name\" content=\"nous sommes H\u00c9PATANTS\" \/>\n<meta property=\"article:publisher\" content=\"https:\/\/www.facebook.com\/SOS.hepatites.Federation\/\" \/>\n<meta property=\"article:modified_time\" content=\"2018-02-23T12:47:56+00:00\" \/>\n<meta property=\"og:image\" content=\"http:\/\/www.soshepatites.org\/plateforme\/wp-content\/uploads\/2016\/09\/cartehepatb-300x205.jpg\" \/>\n<meta name=\"twitter:card\" content=\"summary_large_image\" \/>\n<meta name=\"twitter:site\" content=\"@SOS_hepatites\" \/>\n<meta name=\"twitter:label1\" content=\"Dur\u00e9e de lecture estim\u00e9e\" \/>\n\t<meta name=\"twitter:data1\" content=\"5 minutes\" \/>\n<script type=\"application\/ld+json\" class=\"yoast-schema-graph\">{\"@context\":\"https:\\\/\\\/schema.org\",\"@graph\":[{\"@type\":\"WebPage\",\"@id\":\"https:\\\/\\\/soshepatites.org\\\/plateforme\\\/hepatite-b\\\/\",\"url\":\"https:\\\/\\\/soshepatites.org\\\/plateforme\\\/hepatite-b\\\/\",\"name\":\"H\u00e9patite B - nous sommes H\u00c9PATANTS\",\"isPartOf\":{\"@id\":\"https:\\\/\\\/soshepatites.org\\\/plateforme\\\/#website\"},\"primaryImageOfPage\":{\"@id\":\"https:\\\/\\\/soshepatites.org\\\/plateforme\\\/hepatite-b\\\/#primaryimage\"},\"image\":{\"@id\":\"https:\\\/\\\/soshepatites.org\\\/plateforme\\\/hepatite-b\\\/#primaryimage\"},\"thumbnailUrl\":\"http:\\\/\\\/www.soshepatites.org\\\/plateforme\\\/wp-content\\\/uploads\\\/2016\\\/09\\\/cartehepatb-300x205.jpg\",\"datePublished\":\"2016-09-21T09:20:47+00:00\",\"dateModified\":\"2018-02-23T12:47:56+00:00\",\"breadcrumb\":{\"@id\":\"https:\\\/\\\/soshepatites.org\\\/plateforme\\\/hepatite-b\\\/#breadcrumb\"},\"inLanguage\":\"fr-FR\",\"potentialAction\":[{\"@type\":\"ReadAction\",\"target\":[\"https:\\\/\\\/soshepatites.org\\\/plateforme\\\/hepatite-b\\\/\"]}]},{\"@type\":\"ImageObject\",\"inLanguage\":\"fr-FR\",\"@id\":\"https:\\\/\\\/soshepatites.org\\\/plateforme\\\/hepatite-b\\\/#primaryimage\",\"url\":\"http:\\\/\\\/www.soshepatites.org\\\/plateforme\\\/wp-content\\\/uploads\\\/2016\\\/09\\\/cartehepatb-300x205.jpg\",\"contentUrl\":\"http:\\\/\\\/www.soshepatites.org\\\/plateforme\\\/wp-content\\\/uploads\\\/2016\\\/09\\\/cartehepatb-300x205.jpg\"},{\"@type\":\"BreadcrumbList\",\"@id\":\"https:\\\/\\\/soshepatites.org\\\/plateforme\\\/hepatite-b\\\/#breadcrumb\",\"itemListElement\":[{\"@type\":\"ListItem\",\"position\":1,\"name\":\"Accueil\",\"item\":\"https:\\\/\\\/soshepatites.org\\\/plateforme\\\/\"},{\"@type\":\"ListItem\",\"position\":2,\"name\":\"H\u00e9patite B\"}]},{\"@type\":\"WebSite\",\"@id\":\"https:\\\/\\\/soshepatites.org\\\/plateforme\\\/#website\",\"url\":\"https:\\\/\\\/soshepatites.org\\\/plateforme\\\/\",\"name\":\"nous sommes H\u00c9PATANTS\",\"description\":\"Plateforme d&#039;information  sur les maladies du foie\",\"publisher\":{\"@id\":\"https:\\\/\\\/soshepatites.org\\\/plateforme\\\/#organization\"},\"potentialAction\":[{\"@type\":\"SearchAction\",\"target\":{\"@type\":\"EntryPoint\",\"urlTemplate\":\"https:\\\/\\\/soshepatites.org\\\/plateforme\\\/?s={search_term_string}\"},\"query-input\":{\"@type\":\"PropertyValueSpecification\",\"valueRequired\":true,\"valueName\":\"search_term_string\"}}],\"inLanguage\":\"fr-FR\"},{\"@type\":\"Organization\",\"@id\":\"https:\\\/\\\/soshepatites.org\\\/plateforme\\\/#organization\",\"name\":\"SOS HEPATITES FEDERATION\",\"url\":\"https:\\\/\\\/soshepatites.org\\\/plateforme\\\/\",\"logo\":{\"@type\":\"ImageObject\",\"inLanguage\":\"fr-FR\",\"@id\":\"https:\\\/\\\/soshepatites.org\\\/plateforme\\\/#\\\/schema\\\/logo\\\/image\\\/\",\"url\":\"https:\\\/\\\/soshepatites.org\\\/plateforme\\\/wp-content\\\/uploads\\\/2016\\\/01\\\/logo-sos-hepatite.png\",\"contentUrl\":\"https:\\\/\\\/soshepatites.org\\\/plateforme\\\/wp-content\\\/uploads\\\/2016\\\/01\\\/logo-sos-hepatite.png\",\"width\":220,\"height\":56,\"caption\":\"SOS HEPATITES FEDERATION\"},\"image\":{\"@id\":\"https:\\\/\\\/soshepatites.org\\\/plateforme\\\/#\\\/schema\\\/logo\\\/image\\\/\"},\"sameAs\":[\"https:\\\/\\\/www.facebook.com\\\/SOS.hepatites.Federation\\\/\",\"https:\\\/\\\/x.com\\\/SOS_hepatites\",\"https:\\\/\\\/www.youtube.com\\\/user\\\/soshepatitesfd\"]}]}<\/script>\n<!-- \/ Yoast SEO plugin. -->","yoast_head_json":{"title":"H\u00e9patite B - nous sommes H\u00c9PATANTS","robots":{"index":"index","follow":"follow","max-snippet":"max-snippet:-1","max-image-preview":"max-image-preview:large","max-video-preview":"max-video-preview:-1"},"canonical":"https:\/\/soshepatites.org\/plateforme\/hepatite-b\/","og_locale":"fr_FR","og_type":"article","og_title":"H\u00e9patite B - nous sommes H\u00c9PATANTS","og_description":"Si vous \u00eates arriv\u00e9 sur cette plateforme h\u00e9patite B, il y a une raison ! Vous voulez savoir si vous \u00eates prot\u00e9g\u00e9 ? Vous ne savez plus si vous \u00eates vaccin\u00e9 ? \u00a0Vous avez \u00e9t\u00e9 diagnostiqu\u00e9 d&rsquo;une h\u00e9patite B chronique, active ou non et vous cherchez des informations ? Sur cette plateforme nous allons vous &hellip; Continuer la lecture de H\u00e9patite B &rarr;","og_url":"https:\/\/soshepatites.org\/plateforme\/hepatite-b\/","og_site_name":"nous sommes H\u00c9PATANTS","article_publisher":"https:\/\/www.facebook.com\/SOS.hepatites.Federation\/","article_modified_time":"2018-02-23T12:47:56+00:00","og_image":[{"url":"http:\/\/www.soshepatites.org\/plateforme\/wp-content\/uploads\/2016\/09\/cartehepatb-300x205.jpg","type":"","width":"","height":""}],"twitter_card":"summary_large_image","twitter_site":"@SOS_hepatites","twitter_misc":{"Dur\u00e9e de lecture estim\u00e9e":"5 minutes"},"schema":{"@context":"https:\/\/schema.org","@graph":[{"@type":"WebPage","@id":"https:\/\/soshepatites.org\/plateforme\/hepatite-b\/","url":"https:\/\/soshepatites.org\/plateforme\/hepatite-b\/","name":"H\u00e9patite B - nous sommes H\u00c9PATANTS","isPartOf":{"@id":"https:\/\/soshepatites.org\/plateforme\/#website"},"primaryImageOfPage":{"@id":"https:\/\/soshepatites.org\/plateforme\/hepatite-b\/#primaryimage"},"image":{"@id":"https:\/\/soshepatites.org\/plateforme\/hepatite-b\/#primaryimage"},"thumbnailUrl":"http:\/\/www.soshepatites.org\/plateforme\/wp-content\/uploads\/2016\/09\/cartehepatb-300x205.jpg","datePublished":"2016-09-21T09:20:47+00:00","dateModified":"2018-02-23T12:47:56+00:00","breadcrumb":{"@id":"https:\/\/soshepatites.org\/plateforme\/hepatite-b\/#breadcrumb"},"inLanguage":"fr-FR","potentialAction":[{"@type":"ReadAction","target":["https:\/\/soshepatites.org\/plateforme\/hepatite-b\/"]}]},{"@type":"ImageObject","inLanguage":"fr-FR","@id":"https:\/\/soshepatites.org\/plateforme\/hepatite-b\/#primaryimage","url":"http:\/\/www.soshepatites.org\/plateforme\/wp-content\/uploads\/2016\/09\/cartehepatb-300x205.jpg","contentUrl":"http:\/\/www.soshepatites.org\/plateforme\/wp-content\/uploads\/2016\/09\/cartehepatb-300x205.jpg"},{"@type":"BreadcrumbList","@id":"https:\/\/soshepatites.org\/plateforme\/hepatite-b\/#breadcrumb","itemListElement":[{"@type":"ListItem","position":1,"name":"Accueil","item":"https:\/\/soshepatites.org\/plateforme\/"},{"@type":"ListItem","position":2,"name":"H\u00e9patite B"}]},{"@type":"WebSite","@id":"https:\/\/soshepatites.org\/plateforme\/#website","url":"https:\/\/soshepatites.org\/plateforme\/","name":"nous sommes H\u00c9PATANTS","description":"Plateforme d&#039;information  sur les maladies du foie","publisher":{"@id":"https:\/\/soshepatites.org\/plateforme\/#organization"},"potentialAction":[{"@type":"SearchAction","target":{"@type":"EntryPoint","urlTemplate":"https:\/\/soshepatites.org\/plateforme\/?s={search_term_string}"},"query-input":{"@type":"PropertyValueSpecification","valueRequired":true,"valueName":"search_term_string"}}],"inLanguage":"fr-FR"},{"@type":"Organization","@id":"https:\/\/soshepatites.org\/plateforme\/#organization","name":"SOS HEPATITES FEDERATION","url":"https:\/\/soshepatites.org\/plateforme\/","logo":{"@type":"ImageObject","inLanguage":"fr-FR","@id":"https:\/\/soshepatites.org\/plateforme\/#\/schema\/logo\/image\/","url":"https:\/\/soshepatites.org\/plateforme\/wp-content\/uploads\/2016\/01\/logo-sos-hepatite.png","contentUrl":"https:\/\/soshepatites.org\/plateforme\/wp-content\/uploads\/2016\/01\/logo-sos-hepatite.png","width":220,"height":56,"caption":"SOS HEPATITES FEDERATION"},"image":{"@id":"https:\/\/soshepatites.org\/plateforme\/#\/schema\/logo\/image\/"},"sameAs":["https:\/\/www.facebook.com\/SOS.hepatites.Federation\/","https:\/\/x.com\/SOS_hepatites","https:\/\/www.youtube.com\/user\/soshepatitesfd"]}]}},"_links":{"self":[{"href":"https:\/\/soshepatites.org\/plateforme\/wp-json\/wp\/v2\/pages\/1356","targetHints":{"allow":["GET"]}}],"collection":[{"href":"https:\/\/soshepatites.org\/plateforme\/wp-json\/wp\/v2\/pages"}],"about":[{"href":"https:\/\/soshepatites.org\/plateforme\/wp-json\/wp\/v2\/types\/page"}],"author":[{"embeddable":true,"href":"https:\/\/soshepatites.org\/plateforme\/wp-json\/wp\/v2\/users\/1"}],"replies":[{"embeddable":true,"href":"https:\/\/soshepatites.org\/plateforme\/wp-json\/wp\/v2\/comments?post=1356"}],"version-history":[{"count":5,"href":"https:\/\/soshepatites.org\/plateforme\/wp-json\/wp\/v2\/pages\/1356\/revisions"}],"predecessor-version":[{"id":2520,"href":"https:\/\/soshepatites.org\/plateforme\/wp-json\/wp\/v2\/pages\/1356\/revisions\/2520"}],"wp:attachment":[{"href":"https:\/\/soshepatites.org\/plateforme\/wp-json\/wp\/v2\/media?parent=1356"}],"curies":[{"name":"wp","href":"https:\/\/api.w.org\/{rel}","templated":true}]}}