{"id":1368,"date":"2016-09-22T08:06:32","date_gmt":"2016-09-22T07:06:32","guid":{"rendered":"http:\/\/www.soshepatites.org\/plateforme\/?page_id=1368"},"modified":"2017-12-08T12:16:15","modified_gmt":"2017-12-08T11:16:15","slug":"ecg-ou-electrocardiograme","status":"publish","type":"page","link":"https:\/\/soshepatites.org\/plateforme\/hepatite-b\/suivi-et-analyses\/ecg-ou-electrocardiograme\/","title":{"rendered":"ECG ou Electrocardiograme"},"content":{"rendered":"<p style=\"text-align: justify;\">Certains m\u00e9dicaments peuvent modifier le rythme cardiaque, c&rsquo;est la raison pour laquelle on r\u00e9alise le plus souvent un ECG qui servira de r\u00e9f\u00e9rence en cas de probl\u00e8mes.<\/p>\n<p style=\"text-align: justify;\">C&rsquo;est un examen qui dure quelques minutes, indolore et non invasif, d\u00e9nu\u00e9 de tout danger qui enregistre l&rsquo;activit\u00e9 \u00e9lectrique qui traverse le c\u0153ur, via des \u00e9lectrodes cutan\u00e9es positionn\u00e9es sur diff\u00e9rents points du corps.<\/p>\n<p>&nbsp;<\/p>\n<p><img loading=\"lazy\" decoding=\"async\" class=\"size-medium wp-image-1470 aligncenter\" src=\"http:\/\/www.soshepatites.org\/plateforme\/wp-content\/uploads\/2016\/09\/electrocardiogramme_schema-300x150.png\" alt=\"electrocardiogramme_schema\" width=\"300\" height=\"150\" \/><\/p>\n","protected":false},"excerpt":{"rendered":"<p>Certains m\u00e9dicaments peuvent modifier le rythme cardiaque, c&rsquo;est la raison pour laquelle on r\u00e9alise le plus souvent un ECG qui servira de r\u00e9f\u00e9rence en cas de probl\u00e8mes. C&rsquo;est un examen qui dure quelques minutes, indolore et non invasif, d\u00e9nu\u00e9 de tout danger qui enregistre l&rsquo;activit\u00e9 \u00e9lectrique qui traverse le c\u0153ur, via des \u00e9lectrodes cutan\u00e9es positionn\u00e9es &hellip; <a href=\"https:\/\/soshepatites.org\/plateforme\/hepatite-b\/suivi-et-analyses\/ecg-ou-electrocardiograme\/\" class=\"more-link\">Continuer la lecture de <span class=\"screen-reader-text\">ECG ou Electrocardiograme<\/span> <span class=\"meta-nav\">&rarr;<\/span><\/a><\/p>\n","protected":false},"author":1,"featured_media":0,"parent":1362,"menu_order":3,"comment_status":"closed","ping_status":"closed","template":"page-templates\/pf2-page-sans-article.php","meta":{"_acf_changed":false,"footnotes":""},"class_list":["post-1368","page","type-page","status-publish","hentry"],"acf":[],"yoast_head":"<!-- This site is optimized with the Yoast SEO plugin v27.6 - https:\/\/yoast.com\/product\/yoast-seo-wordpress\/ -->\n<title>ECG ou Electrocardiograme - nous sommes H\u00c9PATANTS<\/title>\n<meta name=\"robots\" content=\"index, follow, max-snippet:-1, max-image-preview:large, max-video-preview:-1\" \/>\n<link rel=\"canonical\" href=\"https:\/\/soshepatites.org\/plateforme\/hepatite-b\/suivi-et-analyses\/ecg-ou-electrocardiograme\/\" \/>\n<meta property=\"og:locale\" content=\"fr_FR\" \/>\n<meta property=\"og:type\" content=\"article\" \/>\n<meta property=\"og:title\" content=\"ECG ou Electrocardiograme - nous sommes H\u00c9PATANTS\" \/>\n<meta property=\"og:description\" content=\"Certains m\u00e9dicaments peuvent modifier le rythme cardiaque, c&rsquo;est la raison pour laquelle on r\u00e9alise le plus souvent un ECG qui servira de r\u00e9f\u00e9rence en cas de probl\u00e8mes. C&rsquo;est un examen qui dure quelques minutes, indolore et non invasif, d\u00e9nu\u00e9 de tout danger qui enregistre l&rsquo;activit\u00e9 \u00e9lectrique qui traverse le c\u0153ur, via des \u00e9lectrodes cutan\u00e9es positionn\u00e9es &hellip; Continuer la lecture de ECG ou Electrocardiograme &rarr;\" \/>\n<meta property=\"og:url\" content=\"https:\/\/soshepatites.org\/plateforme\/hepatite-b\/suivi-et-analyses\/ecg-ou-electrocardiograme\/\" \/>\n<meta property=\"og:site_name\" content=\"nous sommes H\u00c9PATANTS\" \/>\n<meta property=\"article:publisher\" content=\"https:\/\/www.facebook.com\/SOS.hepatites.Federation\/\" \/>\n<meta property=\"article:modified_time\" content=\"2017-12-08T11:16:15+00:00\" \/>\n<meta property=\"og:image\" content=\"http:\/\/www.soshepatites.org\/plateforme\/wp-content\/uploads\/2016\/09\/electrocardiogramme_schema-300x150.png\" \/>\n<meta name=\"twitter:card\" content=\"summary_large_image\" \/>\n<meta name=\"twitter:site\" content=\"@SOS_hepatites\" \/>\n<script type=\"application\/ld+json\" class=\"yoast-schema-graph\">{\"@context\":\"https:\\\/\\\/schema.org\",\"@graph\":[{\"@type\":\"WebPage\",\"@id\":\"https:\\\/\\\/soshepatites.org\\\/plateforme\\\/hepatite-b\\\/suivi-et-analyses\\\/ecg-ou-electrocardiograme\\\/\",\"url\":\"https:\\\/\\\/soshepatites.org\\\/plateforme\\\/hepatite-b\\\/suivi-et-analyses\\\/ecg-ou-electrocardiograme\\\/\",\"name\":\"ECG ou Electrocardiograme - nous sommes H\u00c9PATANTS\",\"isPartOf\":{\"@id\":\"https:\\\/\\\/soshepatites.org\\\/plateforme\\\/#website\"},\"primaryImageOfPage\":{\"@id\":\"https:\\\/\\\/soshepatites.org\\\/plateforme\\\/hepatite-b\\\/suivi-et-analyses\\\/ecg-ou-electrocardiograme\\\/#primaryimage\"},\"image\":{\"@id\":\"https:\\\/\\\/soshepatites.org\\\/plateforme\\\/hepatite-b\\\/suivi-et-analyses\\\/ecg-ou-electrocardiograme\\\/#primaryimage\"},\"thumbnailUrl\":\"http:\\\/\\\/www.soshepatites.org\\\/plateforme\\\/wp-content\\\/uploads\\\/2016\\\/09\\\/electrocardiogramme_schema-300x150.png\",\"datePublished\":\"2016-09-22T07:06:32+00:00\",\"dateModified\":\"2017-12-08T11:16:15+00:00\",\"breadcrumb\":{\"@id\":\"https:\\\/\\\/soshepatites.org\\\/plateforme\\\/hepatite-b\\\/suivi-et-analyses\\\/ecg-ou-electrocardiograme\\\/#breadcrumb\"},\"inLanguage\":\"fr-FR\",\"potentialAction\":[{\"@type\":\"ReadAction\",\"target\":[\"https:\\\/\\\/soshepatites.org\\\/plateforme\\\/hepatite-b\\\/suivi-et-analyses\\\/ecg-ou-electrocardiograme\\\/\"]}]},{\"@type\":\"ImageObject\",\"inLanguage\":\"fr-FR\",\"@id\":\"https:\\\/\\\/soshepatites.org\\\/plateforme\\\/hepatite-b\\\/suivi-et-analyses\\\/ecg-ou-electrocardiograme\\\/#primaryimage\",\"url\":\"http:\\\/\\\/www.soshepatites.org\\\/plateforme\\\/wp-content\\\/uploads\\\/2016\\\/09\\\/electrocardiogramme_schema-300x150.png\",\"contentUrl\":\"http:\\\/\\\/www.soshepatites.org\\\/plateforme\\\/wp-content\\\/uploads\\\/2016\\\/09\\\/electrocardiogramme_schema-300x150.png\"},{\"@type\":\"BreadcrumbList\",\"@id\":\"https:\\\/\\\/soshepatites.org\\\/plateforme\\\/hepatite-b\\\/suivi-et-analyses\\\/ecg-ou-electrocardiograme\\\/#breadcrumb\",\"itemListElement\":[{\"@type\":\"ListItem\",\"position\":1,\"name\":\"Accueil\",\"item\":\"https:\\\/\\\/soshepatites.org\\\/plateforme\\\/\"},{\"@type\":\"ListItem\",\"position\":2,\"name\":\"H\u00e9patite B\",\"item\":\"https:\\\/\\\/soshepatites.org\\\/plateforme\\\/hepatite-b\\\/\"},{\"@type\":\"ListItem\",\"position\":3,\"name\":\"Suivi et analyses\",\"item\":\"https:\\\/\\\/soshepatites.org\\\/plateforme\\\/hepatite-b\\\/suivi-et-analyses\\\/\"},{\"@type\":\"ListItem\",\"position\":4,\"name\":\"ECG ou Electrocardiograme\"}]},{\"@type\":\"WebSite\",\"@id\":\"https:\\\/\\\/soshepatites.org\\\/plateforme\\\/#website\",\"url\":\"https:\\\/\\\/soshepatites.org\\\/plateforme\\\/\",\"name\":\"nous sommes H\u00c9PATANTS\",\"description\":\"Plateforme d&#039;information  sur les maladies du foie\",\"publisher\":{\"@id\":\"https:\\\/\\\/soshepatites.org\\\/plateforme\\\/#organization\"},\"potentialAction\":[{\"@type\":\"SearchAction\",\"target\":{\"@type\":\"EntryPoint\",\"urlTemplate\":\"https:\\\/\\\/soshepatites.org\\\/plateforme\\\/?s={search_term_string}\"},\"query-input\":{\"@type\":\"PropertyValueSpecification\",\"valueRequired\":true,\"valueName\":\"search_term_string\"}}],\"inLanguage\":\"fr-FR\"},{\"@type\":\"Organization\",\"@id\":\"https:\\\/\\\/soshepatites.org\\\/plateforme\\\/#organization\",\"name\":\"SOS HEPATITES FEDERATION\",\"url\":\"https:\\\/\\\/soshepatites.org\\\/plateforme\\\/\",\"logo\":{\"@type\":\"ImageObject\",\"inLanguage\":\"fr-FR\",\"@id\":\"https:\\\/\\\/soshepatites.org\\\/plateforme\\\/#\\\/schema\\\/logo\\\/image\\\/\",\"url\":\"https:\\\/\\\/soshepatites.org\\\/plateforme\\\/wp-content\\\/uploads\\\/2016\\\/01\\\/logo-sos-hepatite.png\",\"contentUrl\":\"https:\\\/\\\/soshepatites.org\\\/plateforme\\\/wp-content\\\/uploads\\\/2016\\\/01\\\/logo-sos-hepatite.png\",\"width\":220,\"height\":56,\"caption\":\"SOS HEPATITES FEDERATION\"},\"image\":{\"@id\":\"https:\\\/\\\/soshepatites.org\\\/plateforme\\\/#\\\/schema\\\/logo\\\/image\\\/\"},\"sameAs\":[\"https:\\\/\\\/www.facebook.com\\\/SOS.hepatites.Federation\\\/\",\"https:\\\/\\\/x.com\\\/SOS_hepatites\",\"https:\\\/\\\/www.youtube.com\\\/user\\\/soshepatitesfd\"]}]}<\/script>\n<!-- \/ Yoast SEO plugin. -->","yoast_head_json":{"title":"ECG ou Electrocardiograme - nous sommes H\u00c9PATANTS","robots":{"index":"index","follow":"follow","max-snippet":"max-snippet:-1","max-image-preview":"max-image-preview:large","max-video-preview":"max-video-preview:-1"},"canonical":"https:\/\/soshepatites.org\/plateforme\/hepatite-b\/suivi-et-analyses\/ecg-ou-electrocardiograme\/","og_locale":"fr_FR","og_type":"article","og_title":"ECG ou Electrocardiograme - nous sommes H\u00c9PATANTS","og_description":"Certains m\u00e9dicaments peuvent modifier le rythme cardiaque, c&rsquo;est la raison pour laquelle on r\u00e9alise le plus souvent un ECG qui servira de r\u00e9f\u00e9rence en cas de probl\u00e8mes. C&rsquo;est un examen qui dure quelques minutes, indolore et non invasif, d\u00e9nu\u00e9 de tout danger qui enregistre l&rsquo;activit\u00e9 \u00e9lectrique qui traverse le c\u0153ur, via des \u00e9lectrodes cutan\u00e9es positionn\u00e9es &hellip; Continuer la lecture de ECG ou Electrocardiograme &rarr;","og_url":"https:\/\/soshepatites.org\/plateforme\/hepatite-b\/suivi-et-analyses\/ecg-ou-electrocardiograme\/","og_site_name":"nous sommes H\u00c9PATANTS","article_publisher":"https:\/\/www.facebook.com\/SOS.hepatites.Federation\/","article_modified_time":"2017-12-08T11:16:15+00:00","og_image":[{"url":"http:\/\/www.soshepatites.org\/plateforme\/wp-content\/uploads\/2016\/09\/electrocardiogramme_schema-300x150.png","type":"","width":"","height":""}],"twitter_card":"summary_large_image","twitter_site":"@SOS_hepatites","schema":{"@context":"https:\/\/schema.org","@graph":[{"@type":"WebPage","@id":"https:\/\/soshepatites.org\/plateforme\/hepatite-b\/suivi-et-analyses\/ecg-ou-electrocardiograme\/","url":"https:\/\/soshepatites.org\/plateforme\/hepatite-b\/suivi-et-analyses\/ecg-ou-electrocardiograme\/","name":"ECG ou Electrocardiograme - nous sommes H\u00c9PATANTS","isPartOf":{"@id":"https:\/\/soshepatites.org\/plateforme\/#website"},"primaryImageOfPage":{"@id":"https:\/\/soshepatites.org\/plateforme\/hepatite-b\/suivi-et-analyses\/ecg-ou-electrocardiograme\/#primaryimage"},"image":{"@id":"https:\/\/soshepatites.org\/plateforme\/hepatite-b\/suivi-et-analyses\/ecg-ou-electrocardiograme\/#primaryimage"},"thumbnailUrl":"http:\/\/www.soshepatites.org\/plateforme\/wp-content\/uploads\/2016\/09\/electrocardiogramme_schema-300x150.png","datePublished":"2016-09-22T07:06:32+00:00","dateModified":"2017-12-08T11:16:15+00:00","breadcrumb":{"@id":"https:\/\/soshepatites.org\/plateforme\/hepatite-b\/suivi-et-analyses\/ecg-ou-electrocardiograme\/#breadcrumb"},"inLanguage":"fr-FR","potentialAction":[{"@type":"ReadAction","target":["https:\/\/soshepatites.org\/plateforme\/hepatite-b\/suivi-et-analyses\/ecg-ou-electrocardiograme\/"]}]},{"@type":"ImageObject","inLanguage":"fr-FR","@id":"https:\/\/soshepatites.org\/plateforme\/hepatite-b\/suivi-et-analyses\/ecg-ou-electrocardiograme\/#primaryimage","url":"http:\/\/www.soshepatites.org\/plateforme\/wp-content\/uploads\/2016\/09\/electrocardiogramme_schema-300x150.png","contentUrl":"http:\/\/www.soshepatites.org\/plateforme\/wp-content\/uploads\/2016\/09\/electrocardiogramme_schema-300x150.png"},{"@type":"BreadcrumbList","@id":"https:\/\/soshepatites.org\/plateforme\/hepatite-b\/suivi-et-analyses\/ecg-ou-electrocardiograme\/#breadcrumb","itemListElement":[{"@type":"ListItem","position":1,"name":"Accueil","item":"https:\/\/soshepatites.org\/plateforme\/"},{"@type":"ListItem","position":2,"name":"H\u00e9patite B","item":"https:\/\/soshepatites.org\/plateforme\/hepatite-b\/"},{"@type":"ListItem","position":3,"name":"Suivi et analyses","item":"https:\/\/soshepatites.org\/plateforme\/hepatite-b\/suivi-et-analyses\/"},{"@type":"ListItem","position":4,"name":"ECG ou Electrocardiograme"}]},{"@type":"WebSite","@id":"https:\/\/soshepatites.org\/plateforme\/#website","url":"https:\/\/soshepatites.org\/plateforme\/","name":"nous sommes H\u00c9PATANTS","description":"Plateforme d&#039;information  sur les maladies du foie","publisher":{"@id":"https:\/\/soshepatites.org\/plateforme\/#organization"},"potentialAction":[{"@type":"SearchAction","target":{"@type":"EntryPoint","urlTemplate":"https:\/\/soshepatites.org\/plateforme\/?s={search_term_string}"},"query-input":{"@type":"PropertyValueSpecification","valueRequired":true,"valueName":"search_term_string"}}],"inLanguage":"fr-FR"},{"@type":"Organization","@id":"https:\/\/soshepatites.org\/plateforme\/#organization","name":"SOS HEPATITES FEDERATION","url":"https:\/\/soshepatites.org\/plateforme\/","logo":{"@type":"ImageObject","inLanguage":"fr-FR","@id":"https:\/\/soshepatites.org\/plateforme\/#\/schema\/logo\/image\/","url":"https:\/\/soshepatites.org\/plateforme\/wp-content\/uploads\/2016\/01\/logo-sos-hepatite.png","contentUrl":"https:\/\/soshepatites.org\/plateforme\/wp-content\/uploads\/2016\/01\/logo-sos-hepatite.png","width":220,"height":56,"caption":"SOS HEPATITES FEDERATION"},"image":{"@id":"https:\/\/soshepatites.org\/plateforme\/#\/schema\/logo\/image\/"},"sameAs":["https:\/\/www.facebook.com\/SOS.hepatites.Federation\/","https:\/\/x.com\/SOS_hepatites","https:\/\/www.youtube.com\/user\/soshepatitesfd"]}]}},"_links":{"self":[{"href":"https:\/\/soshepatites.org\/plateforme\/wp-json\/wp\/v2\/pages\/1368","targetHints":{"allow":["GET"]}}],"collection":[{"href":"https:\/\/soshepatites.org\/plateforme\/wp-json\/wp\/v2\/pages"}],"about":[{"href":"https:\/\/soshepatites.org\/plateforme\/wp-json\/wp\/v2\/types\/page"}],"author":[{"embeddable":true,"href":"https:\/\/soshepatites.org\/plateforme\/wp-json\/wp\/v2\/users\/1"}],"replies":[{"embeddable":true,"href":"https:\/\/soshepatites.org\/plateforme\/wp-json\/wp\/v2\/comments?post=1368"}],"version-history":[{"count":3,"href":"https:\/\/soshepatites.org\/plateforme\/wp-json\/wp\/v2\/pages\/1368\/revisions"}],"predecessor-version":[{"id":2517,"href":"https:\/\/soshepatites.org\/plateforme\/wp-json\/wp\/v2\/pages\/1368\/revisions\/2517"}],"up":[{"embeddable":true,"href":"https:\/\/soshepatites.org\/plateforme\/wp-json\/wp\/v2\/pages\/1362"}],"wp:attachment":[{"href":"https:\/\/soshepatites.org\/plateforme\/wp-json\/wp\/v2\/media?parent=1368"}],"curies":[{"name":"wp","href":"https:\/\/api.w.org\/{rel}","templated":true}]}}