{"id":1383,"date":"2016-09-22T07:56:14","date_gmt":"2016-09-22T06:56:14","guid":{"rendered":"http:\/\/www.soshepatites.org\/plateforme\/?page_id=1383"},"modified":"2017-03-16T21:58:21","modified_gmt":"2017-03-16T20:58:21","slug":"prise-en-charge","status":"publish","type":"page","link":"https:\/\/soshepatites.org\/plateforme\/services\/prise-en-charge\/","title":{"rendered":"Prise en charge"},"content":{"rendered":"<h3>L&rsquo;ALD<\/h3>\n<p>ALD signifie Affection de longue dur\u00e9e.<\/p>\n<p>Les h\u00e9patites chroniques B et C et les cirrhoses sont consid\u00e9r\u00e9es comme des affections de longue dur\u00e9e (ALD). Les soins des patients atteints d\u2019une affection de longue dur\u00e9e sont pris en charge \u00e0 100% par l\u2019Assurance maladie, pour ce qui concerne cette maladie.<\/p>\n<p><img loading=\"lazy\" decoding=\"async\" class=\"alignnone size-medium wp-image-1420\" src=\"http:\/\/www.soshepatites.org\/plateforme\/wp-content\/uploads\/2016\/09\/d-212x300.png\" alt=\"d\" width=\"212\" height=\"300\" \/><\/p>\n<p>&nbsp;<\/p>\n<h3>Reconnaissance de l&rsquo;ALD<\/h3>\n<p>L\u2019Affection longue dur\u00e9e est d\u00e9finie par l\u2019article L 324 du code de la S\u00e9curit\u00e9 sociale. Elle est constat\u00e9e par le m\u00e9decin traitant qui remplit un protocole de soins d\u00e9finissant la pathologie qui peut \u00eatre prise en charge dans le cadre d\u2019une affection longue dur\u00e9e. Celui ci envoie ensuite le document au m\u00e9decin conseil de la Caisse d\u2019Assurance maladie dont d\u00e9pend l\u2019assur\u00e9.<br \/>\nLa r\u00e9ponse parvient au m\u00e9decin qui en a fait la demande entre 8 et 15 jours apr\u00e8s, envoy\u00e9e parfois m\u00eame sous 48 h si le m\u00e9decin fait la demande en ligne. Il faut ensuite juste mettre \u00e0 jour sa carte vitale dans une borne.<\/p>\n<p>En cas de refus, vous pouvez contester la d\u00e9cision en vous renseignant aupr\u00e8s de votre Caisse. La prise en charge \u00e0 100% concerne uniquement les soins et traitements li\u00e9s \u00e0 l\u2019Affection de longue dur\u00e9e.<\/p>\n<p>Les soins et traitements li\u00e9s \u00e0 d\u2019autres maladies demeurent rembours\u00e9s dans les conditions habituelles.<\/p>\n<p>Pour l\u2019h\u00e9patite B, la demande de prise en charge \u00e0 100% n\u2019est pas toujours demand\u00e9e. Mais lorsque la maladie est chronique et n\u00e9cessite un traitement, la demande doit \u00eatre faite pour la prise en charge \u00e0 100%.<\/p>\n<p>&nbsp;<\/p>\n","protected":false},"excerpt":{"rendered":"<p>L&rsquo;ALD ALD signifie Affection de longue dur\u00e9e. Les h\u00e9patites chroniques B et C et les cirrhoses sont consid\u00e9r\u00e9es comme des affections de longue dur\u00e9e (ALD). Les soins des patients atteints d\u2019une affection de longue dur\u00e9e sont pris en charge \u00e0 100% par l\u2019Assurance maladie, pour ce qui concerne cette maladie. &nbsp; Reconnaissance de l&rsquo;ALD L\u2019Affection &hellip; <a href=\"https:\/\/soshepatites.org\/plateforme\/services\/prise-en-charge\/\" class=\"more-link\">Continuer la lecture de <span class=\"screen-reader-text\">Prise en charge<\/span> <span class=\"meta-nav\">&rarr;<\/span><\/a><\/p>\n","protected":false},"author":1,"featured_media":0,"parent":1874,"menu_order":8,"comment_status":"closed","ping_status":"closed","template":"page-templates\/pf2-page-commune.php","meta":{"_acf_changed":false,"footnotes":""},"class_list":["post-1383","page","type-page","status-publish","hentry"],"acf":[],"yoast_head":"<!-- This site is optimized with the Yoast SEO plugin v27.3 - https:\/\/yoast.com\/product\/yoast-seo-wordpress\/ -->\n<title>Prise en charge - nous sommes H\u00c9PATANTS<\/title>\n<meta name=\"robots\" content=\"index, follow, max-snippet:-1, max-image-preview:large, max-video-preview:-1\" \/>\n<link rel=\"canonical\" href=\"https:\/\/soshepatites.org\/plateforme\/services\/prise-en-charge\/\" \/>\n<meta property=\"og:locale\" content=\"fr_FR\" \/>\n<meta property=\"og:type\" content=\"article\" \/>\n<meta property=\"og:title\" content=\"Prise en charge - nous sommes H\u00c9PATANTS\" \/>\n<meta property=\"og:description\" content=\"L&rsquo;ALD ALD signifie Affection de longue dur\u00e9e. Les h\u00e9patites chroniques B et C et les cirrhoses sont consid\u00e9r\u00e9es comme des affections de longue dur\u00e9e (ALD). Les soins des patients atteints d\u2019une affection de longue dur\u00e9e sont pris en charge \u00e0 100% par l\u2019Assurance maladie, pour ce qui concerne cette maladie. &nbsp; Reconnaissance de l&rsquo;ALD L\u2019Affection &hellip; Continuer la lecture de Prise en charge &rarr;\" \/>\n<meta property=\"og:url\" content=\"https:\/\/soshepatites.org\/plateforme\/services\/prise-en-charge\/\" \/>\n<meta property=\"og:site_name\" content=\"nous sommes H\u00c9PATANTS\" \/>\n<meta property=\"article:publisher\" content=\"https:\/\/www.facebook.com\/SOS.hepatites.Federation\/\" \/>\n<meta property=\"article:modified_time\" content=\"2017-03-16T20:58:21+00:00\" \/>\n<meta property=\"og:image\" content=\"http:\/\/www.soshepatites.org\/plateforme\/wp-content\/uploads\/2016\/09\/d-212x300.png\" \/>\n<meta name=\"twitter:card\" content=\"summary_large_image\" \/>\n<meta name=\"twitter:site\" content=\"@SOS_hepatites\" \/>\n<meta name=\"twitter:label1\" content=\"Dur\u00e9e de lecture estim\u00e9e\" \/>\n\t<meta name=\"twitter:data1\" content=\"1 minute\" \/>\n<script type=\"application\/ld+json\" class=\"yoast-schema-graph\">{\"@context\":\"https:\\\/\\\/schema.org\",\"@graph\":[{\"@type\":\"WebPage\",\"@id\":\"https:\\\/\\\/soshepatites.org\\\/plateforme\\\/services\\\/prise-en-charge\\\/\",\"url\":\"https:\\\/\\\/soshepatites.org\\\/plateforme\\\/services\\\/prise-en-charge\\\/\",\"name\":\"Prise en charge - nous sommes H\u00c9PATANTS\",\"isPartOf\":{\"@id\":\"https:\\\/\\\/soshepatites.org\\\/plateforme\\\/#website\"},\"primaryImageOfPage\":{\"@id\":\"https:\\\/\\\/soshepatites.org\\\/plateforme\\\/services\\\/prise-en-charge\\\/#primaryimage\"},\"image\":{\"@id\":\"https:\\\/\\\/soshepatites.org\\\/plateforme\\\/services\\\/prise-en-charge\\\/#primaryimage\"},\"thumbnailUrl\":\"http:\\\/\\\/www.soshepatites.org\\\/plateforme\\\/wp-content\\\/uploads\\\/2016\\\/09\\\/d-212x300.png\",\"datePublished\":\"2016-09-22T06:56:14+00:00\",\"dateModified\":\"2017-03-16T20:58:21+00:00\",\"breadcrumb\":{\"@id\":\"https:\\\/\\\/soshepatites.org\\\/plateforme\\\/services\\\/prise-en-charge\\\/#breadcrumb\"},\"inLanguage\":\"fr-FR\",\"potentialAction\":[{\"@type\":\"ReadAction\",\"target\":[\"https:\\\/\\\/soshepatites.org\\\/plateforme\\\/services\\\/prise-en-charge\\\/\"]}]},{\"@type\":\"ImageObject\",\"inLanguage\":\"fr-FR\",\"@id\":\"https:\\\/\\\/soshepatites.org\\\/plateforme\\\/services\\\/prise-en-charge\\\/#primaryimage\",\"url\":\"http:\\\/\\\/www.soshepatites.org\\\/plateforme\\\/wp-content\\\/uploads\\\/2016\\\/09\\\/d-212x300.png\",\"contentUrl\":\"http:\\\/\\\/www.soshepatites.org\\\/plateforme\\\/wp-content\\\/uploads\\\/2016\\\/09\\\/d-212x300.png\"},{\"@type\":\"BreadcrumbList\",\"@id\":\"https:\\\/\\\/soshepatites.org\\\/plateforme\\\/services\\\/prise-en-charge\\\/#breadcrumb\",\"itemListElement\":[{\"@type\":\"ListItem\",\"position\":1,\"name\":\"Accueil\",\"item\":\"https:\\\/\\\/soshepatites.org\\\/plateforme\\\/\"},{\"@type\":\"ListItem\",\"position\":2,\"name\":\"Services\",\"item\":\"https:\\\/\\\/soshepatites.org\\\/plateforme\\\/services\\\/\"},{\"@type\":\"ListItem\",\"position\":3,\"name\":\"Prise en charge\"}]},{\"@type\":\"WebSite\",\"@id\":\"https:\\\/\\\/soshepatites.org\\\/plateforme\\\/#website\",\"url\":\"https:\\\/\\\/soshepatites.org\\\/plateforme\\\/\",\"name\":\"nous sommes H\u00c9PATANTS\",\"description\":\"Plateforme d&#039;information  sur les maladies du foie\",\"publisher\":{\"@id\":\"https:\\\/\\\/soshepatites.org\\\/plateforme\\\/#organization\"},\"potentialAction\":[{\"@type\":\"SearchAction\",\"target\":{\"@type\":\"EntryPoint\",\"urlTemplate\":\"https:\\\/\\\/soshepatites.org\\\/plateforme\\\/?s={search_term_string}\"},\"query-input\":{\"@type\":\"PropertyValueSpecification\",\"valueRequired\":true,\"valueName\":\"search_term_string\"}}],\"inLanguage\":\"fr-FR\"},{\"@type\":\"Organization\",\"@id\":\"https:\\\/\\\/soshepatites.org\\\/plateforme\\\/#organization\",\"name\":\"SOS HEPATITES FEDERATION\",\"url\":\"https:\\\/\\\/soshepatites.org\\\/plateforme\\\/\",\"logo\":{\"@type\":\"ImageObject\",\"inLanguage\":\"fr-FR\",\"@id\":\"https:\\\/\\\/soshepatites.org\\\/plateforme\\\/#\\\/schema\\\/logo\\\/image\\\/\",\"url\":\"https:\\\/\\\/soshepatites.org\\\/plateforme\\\/wp-content\\\/uploads\\\/2016\\\/01\\\/logo-sos-hepatite.png\",\"contentUrl\":\"https:\\\/\\\/soshepatites.org\\\/plateforme\\\/wp-content\\\/uploads\\\/2016\\\/01\\\/logo-sos-hepatite.png\",\"width\":220,\"height\":56,\"caption\":\"SOS HEPATITES FEDERATION\"},\"image\":{\"@id\":\"https:\\\/\\\/soshepatites.org\\\/plateforme\\\/#\\\/schema\\\/logo\\\/image\\\/\"},\"sameAs\":[\"https:\\\/\\\/www.facebook.com\\\/SOS.hepatites.Federation\\\/\",\"https:\\\/\\\/x.com\\\/SOS_hepatites\",\"https:\\\/\\\/www.youtube.com\\\/user\\\/soshepatitesfd\"]}]}<\/script>\n<!-- \/ Yoast SEO plugin. -->","yoast_head_json":{"title":"Prise en charge - nous sommes H\u00c9PATANTS","robots":{"index":"index","follow":"follow","max-snippet":"max-snippet:-1","max-image-preview":"max-image-preview:large","max-video-preview":"max-video-preview:-1"},"canonical":"https:\/\/soshepatites.org\/plateforme\/services\/prise-en-charge\/","og_locale":"fr_FR","og_type":"article","og_title":"Prise en charge - nous sommes H\u00c9PATANTS","og_description":"L&rsquo;ALD ALD signifie Affection de longue dur\u00e9e. Les h\u00e9patites chroniques B et C et les cirrhoses sont consid\u00e9r\u00e9es comme des affections de longue dur\u00e9e (ALD). Les soins des patients atteints d\u2019une affection de longue dur\u00e9e sont pris en charge \u00e0 100% par l\u2019Assurance maladie, pour ce qui concerne cette maladie. &nbsp; Reconnaissance de l&rsquo;ALD L\u2019Affection &hellip; Continuer la lecture de Prise en charge &rarr;","og_url":"https:\/\/soshepatites.org\/plateforme\/services\/prise-en-charge\/","og_site_name":"nous sommes H\u00c9PATANTS","article_publisher":"https:\/\/www.facebook.com\/SOS.hepatites.Federation\/","article_modified_time":"2017-03-16T20:58:21+00:00","og_image":[{"url":"http:\/\/www.soshepatites.org\/plateforme\/wp-content\/uploads\/2016\/09\/d-212x300.png","type":"","width":"","height":""}],"twitter_card":"summary_large_image","twitter_site":"@SOS_hepatites","twitter_misc":{"Dur\u00e9e de lecture estim\u00e9e":"1 minute"},"schema":{"@context":"https:\/\/schema.org","@graph":[{"@type":"WebPage","@id":"https:\/\/soshepatites.org\/plateforme\/services\/prise-en-charge\/","url":"https:\/\/soshepatites.org\/plateforme\/services\/prise-en-charge\/","name":"Prise en charge - nous sommes H\u00c9PATANTS","isPartOf":{"@id":"https:\/\/soshepatites.org\/plateforme\/#website"},"primaryImageOfPage":{"@id":"https:\/\/soshepatites.org\/plateforme\/services\/prise-en-charge\/#primaryimage"},"image":{"@id":"https:\/\/soshepatites.org\/plateforme\/services\/prise-en-charge\/#primaryimage"},"thumbnailUrl":"http:\/\/www.soshepatites.org\/plateforme\/wp-content\/uploads\/2016\/09\/d-212x300.png","datePublished":"2016-09-22T06:56:14+00:00","dateModified":"2017-03-16T20:58:21+00:00","breadcrumb":{"@id":"https:\/\/soshepatites.org\/plateforme\/services\/prise-en-charge\/#breadcrumb"},"inLanguage":"fr-FR","potentialAction":[{"@type":"ReadAction","target":["https:\/\/soshepatites.org\/plateforme\/services\/prise-en-charge\/"]}]},{"@type":"ImageObject","inLanguage":"fr-FR","@id":"https:\/\/soshepatites.org\/plateforme\/services\/prise-en-charge\/#primaryimage","url":"http:\/\/www.soshepatites.org\/plateforme\/wp-content\/uploads\/2016\/09\/d-212x300.png","contentUrl":"http:\/\/www.soshepatites.org\/plateforme\/wp-content\/uploads\/2016\/09\/d-212x300.png"},{"@type":"BreadcrumbList","@id":"https:\/\/soshepatites.org\/plateforme\/services\/prise-en-charge\/#breadcrumb","itemListElement":[{"@type":"ListItem","position":1,"name":"Accueil","item":"https:\/\/soshepatites.org\/plateforme\/"},{"@type":"ListItem","position":2,"name":"Services","item":"https:\/\/soshepatites.org\/plateforme\/services\/"},{"@type":"ListItem","position":3,"name":"Prise en charge"}]},{"@type":"WebSite","@id":"https:\/\/soshepatites.org\/plateforme\/#website","url":"https:\/\/soshepatites.org\/plateforme\/","name":"nous sommes H\u00c9PATANTS","description":"Plateforme d&#039;information  sur les maladies du foie","publisher":{"@id":"https:\/\/soshepatites.org\/plateforme\/#organization"},"potentialAction":[{"@type":"SearchAction","target":{"@type":"EntryPoint","urlTemplate":"https:\/\/soshepatites.org\/plateforme\/?s={search_term_string}"},"query-input":{"@type":"PropertyValueSpecification","valueRequired":true,"valueName":"search_term_string"}}],"inLanguage":"fr-FR"},{"@type":"Organization","@id":"https:\/\/soshepatites.org\/plateforme\/#organization","name":"SOS HEPATITES FEDERATION","url":"https:\/\/soshepatites.org\/plateforme\/","logo":{"@type":"ImageObject","inLanguage":"fr-FR","@id":"https:\/\/soshepatites.org\/plateforme\/#\/schema\/logo\/image\/","url":"https:\/\/soshepatites.org\/plateforme\/wp-content\/uploads\/2016\/01\/logo-sos-hepatite.png","contentUrl":"https:\/\/soshepatites.org\/plateforme\/wp-content\/uploads\/2016\/01\/logo-sos-hepatite.png","width":220,"height":56,"caption":"SOS HEPATITES FEDERATION"},"image":{"@id":"https:\/\/soshepatites.org\/plateforme\/#\/schema\/logo\/image\/"},"sameAs":["https:\/\/www.facebook.com\/SOS.hepatites.Federation\/","https:\/\/x.com\/SOS_hepatites","https:\/\/www.youtube.com\/user\/soshepatitesfd"]}]}},"_links":{"self":[{"href":"https:\/\/soshepatites.org\/plateforme\/wp-json\/wp\/v2\/pages\/1383","targetHints":{"allow":["GET"]}}],"collection":[{"href":"https:\/\/soshepatites.org\/plateforme\/wp-json\/wp\/v2\/pages"}],"about":[{"href":"https:\/\/soshepatites.org\/plateforme\/wp-json\/wp\/v2\/types\/page"}],"author":[{"embeddable":true,"href":"https:\/\/soshepatites.org\/plateforme\/wp-json\/wp\/v2\/users\/1"}],"replies":[{"embeddable":true,"href":"https:\/\/soshepatites.org\/plateforme\/wp-json\/wp\/v2\/comments?post=1383"}],"version-history":[{"count":5,"href":"https:\/\/soshepatites.org\/plateforme\/wp-json\/wp\/v2\/pages\/1383\/revisions"}],"predecessor-version":[{"id":2119,"href":"https:\/\/soshepatites.org\/plateforme\/wp-json\/wp\/v2\/pages\/1383\/revisions\/2119"}],"up":[{"embeddable":true,"href":"https:\/\/soshepatites.org\/plateforme\/wp-json\/wp\/v2\/pages\/1874"}],"wp:attachment":[{"href":"https:\/\/soshepatites.org\/plateforme\/wp-json\/wp\/v2\/media?parent=1383"}],"curies":[{"name":"wp","href":"https:\/\/api.w.org\/{rel}","templated":true}]}}