{"id":152,"date":"2016-01-06T14:39:53","date_gmt":"2016-01-06T13:39:53","guid":{"rendered":"http:\/\/www.soshepatites.org\/plateforme\/?page_id=152"},"modified":"2020-01-13T14:51:38","modified_gmt":"2020-01-13T13:51:38","slug":"champagne-ardenne","status":"publish","type":"page","link":"https:\/\/soshepatites.org\/plateforme\/services\/accompagnement\/champagne-ardenne\/","title":{"rendered":"Champagne-Ardenne"},"content":{"rendered":"<p>Pr\u00e9sident : <strong>Pascal MELIN<\/strong><\/p>\n<h3>Accompagnement<\/h3>\n<p style=\"text-align: justify;\">SOS H\u00e9patites Champagne-Ardenne, dont le si\u00e8ge social est install\u00e9 \u00e0 Charleville-M\u00e9zi\u00e8res depuis 2007, a pour objet : la solidarit\u00e9, l\u2019\u00e9change d\u2019information, la d\u00e9fense des malades, la promotion de la recherche et la pr\u00e9vention.<\/p>\n<p style=\"text-align: justify;\">Elle porte 4 structures m\u00e9dico-sociales : le C.A.A.R.U.D 08 YOZ (Centre d\u2019Accueil et d\u2019Accompagnement \u00e0 la R\u00e9duction des risques chez les Usagers de Drogues), le C.A.A.R.U.D 55 LA VOIE, les A.C.T\u00a0 08 (Appartement de Coordination Th\u00e9rapeutique) et les A.C.T 52.<\/p>\n<h3 style=\"text-align: justify;\"><strong>Composition de l\u2019\u00e9quipe salari\u00e9e :<\/strong><\/h3>\n<p style=\"text-align: justify;\"><strong>Directeur : Jacques SCHUURMAN<\/strong>\u00a0 au 06 85 63 50 94<br \/>\nAssistante de Direction : Nathalie MASCETTI \u00a0au 03 24 26 68 95<br \/>\nInfirmi\u00e8re : Nathalie KRAICHETTE au 06 07 63 54 26<br \/>\nAssistante sociale : Kim\u00e9ra PRUDHOMME \u00a0au 06 42 12 39 09<br \/>\nMoniteur-\u00e9ducateur : Benjamin ROSA MORENO \u00a0au 06 40 47 09 09<br \/>\nM\u00e9decin addictologue : B\u00e9atrice CHERRIH PAVEC<\/p>\n<p style=\"text-align: justify;\">Contact : <a href=\"mailto:yoz@soshepatites.org\" target=\"_blank\" rel=\"noopener noreferrer\">yoz@soshepatites.org<\/a><\/p>\n<p>Suivez-nous\u00a0 <img loading=\"lazy\" decoding=\"async\" class=\"wp-image-979 alignleft\" src=\"http:\/\/www.soshepatites.org\/plateforme\/wp-content\/uploads\/2016\/01\/logo_facebook-e1459410964249.png\" alt=\"\" width=\"26\" height=\"26\" \/>\u00a0\u00a0\u00a0\u00a0<b><\/b><i><\/i><u><\/u> <a href=\"https:\/\/www.facebook.com\/soshepatiteschampagneardenne\/\" target=\"_blank\" rel=\"noopener noreferrer\">Facebook Champagne-Ardenne<\/a><\/p>\n<p>&nbsp;<\/p>\n<p>&nbsp;<\/p>\n<p>&nbsp;<\/p>\n","protected":false},"excerpt":{"rendered":"<p>Pr\u00e9sident : Pascal MELIN Accompagnement SOS H\u00e9patites Champagne-Ardenne, dont le si\u00e8ge social est install\u00e9 \u00e0 Charleville-M\u00e9zi\u00e8res depuis 2007, a pour objet : la solidarit\u00e9, l\u2019\u00e9change d\u2019information, la d\u00e9fense des malades, la promotion de la recherche et la pr\u00e9vention. Elle porte 4 structures m\u00e9dico-sociales : le C.A.A.R.U.D 08 YOZ (Centre d\u2019Accueil et d\u2019Accompagnement \u00e0 la R\u00e9duction &hellip; <a href=\"https:\/\/soshepatites.org\/plateforme\/services\/accompagnement\/champagne-ardenne\/\" class=\"more-link\">Continuer la lecture de <span class=\"screen-reader-text\">Champagne-Ardenne<\/span> <span class=\"meta-nav\">&rarr;<\/span><\/a><\/p>\n","protected":false},"author":1,"featured_media":0,"parent":12,"menu_order":0,"comment_status":"closed","ping_status":"closed","template":"page-templates\/pf2-page-region.php","meta":{"_acf_changed":false,"footnotes":""},"class_list":["post-152","page","type-page","status-publish","hentry"],"acf":[],"yoast_head":"<!-- This site is optimized with the Yoast SEO plugin v27.4 - https:\/\/yoast.com\/product\/yoast-seo-wordpress\/ -->\n<title>Champagne-Ardenne - nous sommes H\u00c9PATANTS<\/title>\n<meta name=\"robots\" content=\"index, follow, max-snippet:-1, max-image-preview:large, max-video-preview:-1\" \/>\n<link rel=\"canonical\" href=\"https:\/\/soshepatites.org\/plateforme\/services\/accompagnement\/champagne-ardenne\/\" \/>\n<meta property=\"og:locale\" content=\"fr_FR\" \/>\n<meta property=\"og:type\" content=\"article\" \/>\n<meta property=\"og:title\" content=\"Champagne-Ardenne - nous sommes H\u00c9PATANTS\" \/>\n<meta property=\"og:description\" content=\"Pr\u00e9sident : Pascal MELIN Accompagnement SOS H\u00e9patites Champagne-Ardenne, dont le si\u00e8ge social est install\u00e9 \u00e0 Charleville-M\u00e9zi\u00e8res depuis 2007, a pour objet : la solidarit\u00e9, l\u2019\u00e9change d\u2019information, la d\u00e9fense des malades, la promotion de la recherche et la pr\u00e9vention. Elle porte 4 structures m\u00e9dico-sociales : le C.A.A.R.U.D 08 YOZ (Centre d\u2019Accueil et d\u2019Accompagnement \u00e0 la R\u00e9duction &hellip; Continuer la lecture de Champagne-Ardenne &rarr;\" \/>\n<meta property=\"og:url\" content=\"https:\/\/soshepatites.org\/plateforme\/services\/accompagnement\/champagne-ardenne\/\" \/>\n<meta property=\"og:site_name\" content=\"nous sommes H\u00c9PATANTS\" \/>\n<meta property=\"article:publisher\" content=\"https:\/\/www.facebook.com\/SOS.hepatites.Federation\/\" \/>\n<meta property=\"article:modified_time\" content=\"2020-01-13T13:51:38+00:00\" \/>\n<meta property=\"og:image\" content=\"http:\/\/www.soshepatites.org\/plateforme\/wp-content\/uploads\/2016\/01\/logo_facebook-e1459410964249.png\" \/>\n<meta name=\"twitter:card\" content=\"summary_large_image\" \/>\n<meta name=\"twitter:site\" content=\"@SOS_hepatites\" \/>\n<meta name=\"twitter:label1\" content=\"Dur\u00e9e de lecture estim\u00e9e\" \/>\n\t<meta name=\"twitter:data1\" content=\"1 minute\" \/>\n<script type=\"application\/ld+json\" class=\"yoast-schema-graph\">{\"@context\":\"https:\\\/\\\/schema.org\",\"@graph\":[{\"@type\":\"WebPage\",\"@id\":\"https:\\\/\\\/soshepatites.org\\\/plateforme\\\/services\\\/accompagnement\\\/champagne-ardenne\\\/\",\"url\":\"https:\\\/\\\/soshepatites.org\\\/plateforme\\\/services\\\/accompagnement\\\/champagne-ardenne\\\/\",\"name\":\"Champagne-Ardenne - nous sommes H\u00c9PATANTS\",\"isPartOf\":{\"@id\":\"https:\\\/\\\/soshepatites.org\\\/plateforme\\\/#website\"},\"primaryImageOfPage\":{\"@id\":\"https:\\\/\\\/soshepatites.org\\\/plateforme\\\/services\\\/accompagnement\\\/champagne-ardenne\\\/#primaryimage\"},\"image\":{\"@id\":\"https:\\\/\\\/soshepatites.org\\\/plateforme\\\/services\\\/accompagnement\\\/champagne-ardenne\\\/#primaryimage\"},\"thumbnailUrl\":\"http:\\\/\\\/www.soshepatites.org\\\/plateforme\\\/wp-content\\\/uploads\\\/2016\\\/01\\\/logo_facebook-e1459410964249.png\",\"datePublished\":\"2016-01-06T13:39:53+00:00\",\"dateModified\":\"2020-01-13T13:51:38+00:00\",\"breadcrumb\":{\"@id\":\"https:\\\/\\\/soshepatites.org\\\/plateforme\\\/services\\\/accompagnement\\\/champagne-ardenne\\\/#breadcrumb\"},\"inLanguage\":\"fr-FR\",\"potentialAction\":[{\"@type\":\"ReadAction\",\"target\":[\"https:\\\/\\\/soshepatites.org\\\/plateforme\\\/services\\\/accompagnement\\\/champagne-ardenne\\\/\"]}]},{\"@type\":\"ImageObject\",\"inLanguage\":\"fr-FR\",\"@id\":\"https:\\\/\\\/soshepatites.org\\\/plateforme\\\/services\\\/accompagnement\\\/champagne-ardenne\\\/#primaryimage\",\"url\":\"http:\\\/\\\/www.soshepatites.org\\\/plateforme\\\/wp-content\\\/uploads\\\/2016\\\/01\\\/logo_facebook-e1459410964249.png\",\"contentUrl\":\"http:\\\/\\\/www.soshepatites.org\\\/plateforme\\\/wp-content\\\/uploads\\\/2016\\\/01\\\/logo_facebook-e1459410964249.png\"},{\"@type\":\"BreadcrumbList\",\"@id\":\"https:\\\/\\\/soshepatites.org\\\/plateforme\\\/services\\\/accompagnement\\\/champagne-ardenne\\\/#breadcrumb\",\"itemListElement\":[{\"@type\":\"ListItem\",\"position\":1,\"name\":\"Accueil\",\"item\":\"https:\\\/\\\/soshepatites.org\\\/plateforme\\\/\"},{\"@type\":\"ListItem\",\"position\":2,\"name\":\"Services\",\"item\":\"https:\\\/\\\/soshepatites.org\\\/plateforme\\\/services\\\/\"},{\"@type\":\"ListItem\",\"position\":3,\"name\":\"Pour vous accompagner dans votre parcours de malade\",\"item\":\"https:\\\/\\\/soshepatites.org\\\/plateforme\\\/services\\\/accompagnement\\\/\"},{\"@type\":\"ListItem\",\"position\":4,\"name\":\"Champagne-Ardenne\"}]},{\"@type\":\"WebSite\",\"@id\":\"https:\\\/\\\/soshepatites.org\\\/plateforme\\\/#website\",\"url\":\"https:\\\/\\\/soshepatites.org\\\/plateforme\\\/\",\"name\":\"nous sommes H\u00c9PATANTS\",\"description\":\"Plateforme d&#039;information  sur les maladies du foie\",\"publisher\":{\"@id\":\"https:\\\/\\\/soshepatites.org\\\/plateforme\\\/#organization\"},\"potentialAction\":[{\"@type\":\"SearchAction\",\"target\":{\"@type\":\"EntryPoint\",\"urlTemplate\":\"https:\\\/\\\/soshepatites.org\\\/plateforme\\\/?s={search_term_string}\"},\"query-input\":{\"@type\":\"PropertyValueSpecification\",\"valueRequired\":true,\"valueName\":\"search_term_string\"}}],\"inLanguage\":\"fr-FR\"},{\"@type\":\"Organization\",\"@id\":\"https:\\\/\\\/soshepatites.org\\\/plateforme\\\/#organization\",\"name\":\"SOS HEPATITES FEDERATION\",\"url\":\"https:\\\/\\\/soshepatites.org\\\/plateforme\\\/\",\"logo\":{\"@type\":\"ImageObject\",\"inLanguage\":\"fr-FR\",\"@id\":\"https:\\\/\\\/soshepatites.org\\\/plateforme\\\/#\\\/schema\\\/logo\\\/image\\\/\",\"url\":\"https:\\\/\\\/soshepatites.org\\\/plateforme\\\/wp-content\\\/uploads\\\/2016\\\/01\\\/logo-sos-hepatite.png\",\"contentUrl\":\"https:\\\/\\\/soshepatites.org\\\/plateforme\\\/wp-content\\\/uploads\\\/2016\\\/01\\\/logo-sos-hepatite.png\",\"width\":220,\"height\":56,\"caption\":\"SOS HEPATITES FEDERATION\"},\"image\":{\"@id\":\"https:\\\/\\\/soshepatites.org\\\/plateforme\\\/#\\\/schema\\\/logo\\\/image\\\/\"},\"sameAs\":[\"https:\\\/\\\/www.facebook.com\\\/SOS.hepatites.Federation\\\/\",\"https:\\\/\\\/x.com\\\/SOS_hepatites\",\"https:\\\/\\\/www.youtube.com\\\/user\\\/soshepatitesfd\"]}]}<\/script>\n<!-- \/ Yoast SEO plugin. -->","yoast_head_json":{"title":"Champagne-Ardenne - nous sommes H\u00c9PATANTS","robots":{"index":"index","follow":"follow","max-snippet":"max-snippet:-1","max-image-preview":"max-image-preview:large","max-video-preview":"max-video-preview:-1"},"canonical":"https:\/\/soshepatites.org\/plateforme\/services\/accompagnement\/champagne-ardenne\/","og_locale":"fr_FR","og_type":"article","og_title":"Champagne-Ardenne - nous sommes H\u00c9PATANTS","og_description":"Pr\u00e9sident : Pascal MELIN Accompagnement SOS H\u00e9patites Champagne-Ardenne, dont le si\u00e8ge social est install\u00e9 \u00e0 Charleville-M\u00e9zi\u00e8res depuis 2007, a pour objet : la solidarit\u00e9, l\u2019\u00e9change d\u2019information, la d\u00e9fense des malades, la promotion de la recherche et la pr\u00e9vention. Elle porte 4 structures m\u00e9dico-sociales : le C.A.A.R.U.D 08 YOZ (Centre d\u2019Accueil et d\u2019Accompagnement \u00e0 la R\u00e9duction &hellip; Continuer la lecture de Champagne-Ardenne &rarr;","og_url":"https:\/\/soshepatites.org\/plateforme\/services\/accompagnement\/champagne-ardenne\/","og_site_name":"nous sommes H\u00c9PATANTS","article_publisher":"https:\/\/www.facebook.com\/SOS.hepatites.Federation\/","article_modified_time":"2020-01-13T13:51:38+00:00","og_image":[{"url":"http:\/\/www.soshepatites.org\/plateforme\/wp-content\/uploads\/2016\/01\/logo_facebook-e1459410964249.png","type":"","width":"","height":""}],"twitter_card":"summary_large_image","twitter_site":"@SOS_hepatites","twitter_misc":{"Dur\u00e9e de lecture estim\u00e9e":"1 minute"},"schema":{"@context":"https:\/\/schema.org","@graph":[{"@type":"WebPage","@id":"https:\/\/soshepatites.org\/plateforme\/services\/accompagnement\/champagne-ardenne\/","url":"https:\/\/soshepatites.org\/plateforme\/services\/accompagnement\/champagne-ardenne\/","name":"Champagne-Ardenne - nous sommes H\u00c9PATANTS","isPartOf":{"@id":"https:\/\/soshepatites.org\/plateforme\/#website"},"primaryImageOfPage":{"@id":"https:\/\/soshepatites.org\/plateforme\/services\/accompagnement\/champagne-ardenne\/#primaryimage"},"image":{"@id":"https:\/\/soshepatites.org\/plateforme\/services\/accompagnement\/champagne-ardenne\/#primaryimage"},"thumbnailUrl":"http:\/\/www.soshepatites.org\/plateforme\/wp-content\/uploads\/2016\/01\/logo_facebook-e1459410964249.png","datePublished":"2016-01-06T13:39:53+00:00","dateModified":"2020-01-13T13:51:38+00:00","breadcrumb":{"@id":"https:\/\/soshepatites.org\/plateforme\/services\/accompagnement\/champagne-ardenne\/#breadcrumb"},"inLanguage":"fr-FR","potentialAction":[{"@type":"ReadAction","target":["https:\/\/soshepatites.org\/plateforme\/services\/accompagnement\/champagne-ardenne\/"]}]},{"@type":"ImageObject","inLanguage":"fr-FR","@id":"https:\/\/soshepatites.org\/plateforme\/services\/accompagnement\/champagne-ardenne\/#primaryimage","url":"http:\/\/www.soshepatites.org\/plateforme\/wp-content\/uploads\/2016\/01\/logo_facebook-e1459410964249.png","contentUrl":"http:\/\/www.soshepatites.org\/plateforme\/wp-content\/uploads\/2016\/01\/logo_facebook-e1459410964249.png"},{"@type":"BreadcrumbList","@id":"https:\/\/soshepatites.org\/plateforme\/services\/accompagnement\/champagne-ardenne\/#breadcrumb","itemListElement":[{"@type":"ListItem","position":1,"name":"Accueil","item":"https:\/\/soshepatites.org\/plateforme\/"},{"@type":"ListItem","position":2,"name":"Services","item":"https:\/\/soshepatites.org\/plateforme\/services\/"},{"@type":"ListItem","position":3,"name":"Pour vous accompagner dans votre parcours de malade","item":"https:\/\/soshepatites.org\/plateforme\/services\/accompagnement\/"},{"@type":"ListItem","position":4,"name":"Champagne-Ardenne"}]},{"@type":"WebSite","@id":"https:\/\/soshepatites.org\/plateforme\/#website","url":"https:\/\/soshepatites.org\/plateforme\/","name":"nous sommes H\u00c9PATANTS","description":"Plateforme d&#039;information  sur les maladies du foie","publisher":{"@id":"https:\/\/soshepatites.org\/plateforme\/#organization"},"potentialAction":[{"@type":"SearchAction","target":{"@type":"EntryPoint","urlTemplate":"https:\/\/soshepatites.org\/plateforme\/?s={search_term_string}"},"query-input":{"@type":"PropertyValueSpecification","valueRequired":true,"valueName":"search_term_string"}}],"inLanguage":"fr-FR"},{"@type":"Organization","@id":"https:\/\/soshepatites.org\/plateforme\/#organization","name":"SOS HEPATITES FEDERATION","url":"https:\/\/soshepatites.org\/plateforme\/","logo":{"@type":"ImageObject","inLanguage":"fr-FR","@id":"https:\/\/soshepatites.org\/plateforme\/#\/schema\/logo\/image\/","url":"https:\/\/soshepatites.org\/plateforme\/wp-content\/uploads\/2016\/01\/logo-sos-hepatite.png","contentUrl":"https:\/\/soshepatites.org\/plateforme\/wp-content\/uploads\/2016\/01\/logo-sos-hepatite.png","width":220,"height":56,"caption":"SOS HEPATITES FEDERATION"},"image":{"@id":"https:\/\/soshepatites.org\/plateforme\/#\/schema\/logo\/image\/"},"sameAs":["https:\/\/www.facebook.com\/SOS.hepatites.Federation\/","https:\/\/x.com\/SOS_hepatites","https:\/\/www.youtube.com\/user\/soshepatitesfd"]}]}},"_links":{"self":[{"href":"https:\/\/soshepatites.org\/plateforme\/wp-json\/wp\/v2\/pages\/152","targetHints":{"allow":["GET"]}}],"collection":[{"href":"https:\/\/soshepatites.org\/plateforme\/wp-json\/wp\/v2\/pages"}],"about":[{"href":"https:\/\/soshepatites.org\/plateforme\/wp-json\/wp\/v2\/types\/page"}],"author":[{"embeddable":true,"href":"https:\/\/soshepatites.org\/plateforme\/wp-json\/wp\/v2\/users\/1"}],"replies":[{"embeddable":true,"href":"https:\/\/soshepatites.org\/plateforme\/wp-json\/wp\/v2\/comments?post=152"}],"version-history":[{"count":5,"href":"https:\/\/soshepatites.org\/plateforme\/wp-json\/wp\/v2\/pages\/152\/revisions"}],"predecessor-version":[{"id":2811,"href":"https:\/\/soshepatites.org\/plateforme\/wp-json\/wp\/v2\/pages\/152\/revisions\/2811"}],"up":[{"embeddable":true,"href":"https:\/\/soshepatites.org\/plateforme\/wp-json\/wp\/v2\/pages\/12"}],"wp:attachment":[{"href":"https:\/\/soshepatites.org\/plateforme\/wp-json\/wp\/v2\/media?parent=152"}],"curies":[{"name":"wp","href":"https:\/\/api.w.org\/{rel}","templated":true}]}}