{"id":27,"date":"2015-12-28T14:38:01","date_gmt":"2015-12-28T13:38:01","guid":{"rendered":"http:\/\/www.soshepatites.org\/plateforme\/?page_id=27"},"modified":"2017-03-17T15:44:16","modified_gmt":"2017-03-17T14:44:16","slug":"faq-hepatite-c","status":"publish","type":"page","link":"https:\/\/soshepatites.org\/plateforme\/hepatite-c\/faq-hepatite-c\/","title":{"rendered":"Foire aux questions"},"content":{"rendered":"<p>Vous trouverez ici des r\u00e9ponses aux questions les plus fr\u00e9quentes sur l\u2019h\u00e9patite C.<br \/>\nPour toute autre demande, n\u2019h\u00e9sitez pas \u00e0 appeler le num\u00e9ro vert ou \u00e0 contacter l\u2019association SOS H\u00e9patites de votre r\u00e9gion (<a href=\"http:\/\/www.soshepatites.org\/plateforme\/services\/accompagnement\/\" target=\"_blank\">cliquez ici pour en conna\u00eetre les coordonn\u00e9es<\/a>).<\/p>\n<p class=\"p3\" style=\"text-align: justify;\"><img loading=\"lazy\" decoding=\"async\" class=\"aligncenter wp-image-641 size-medium\" src=\"http:\/\/www.soshepatites.org\/plateforme\/wp-content\/uploads\/2016\/01\/logo-numero-vert-sos-hepatites-federation-super-HD-300x46.jpeg\" alt=\"logo numero vert sos hepatites federation super HD\" width=\"300\" height=\"46\" srcset=\"https:\/\/soshepatites.org\/plateforme\/wp-content\/uploads\/2016\/01\/logo-numero-vert-sos-hepatites-federation-super-HD-300x46.jpeg 300w, https:\/\/soshepatites.org\/plateforme\/wp-content\/uploads\/2016\/01\/logo-numero-vert-sos-hepatites-federation-super-HD-768x118.jpeg 768w, https:\/\/soshepatites.org\/plateforme\/wp-content\/uploads\/2016\/01\/logo-numero-vert-sos-hepatites-federation-super-HD-1024x158.jpeg 1024w, https:\/\/soshepatites.org\/plateforme\/wp-content\/uploads\/2016\/01\/logo-numero-vert-sos-hepatites-federation-super-HD-90x14.jpeg 90w, https:\/\/soshepatites.org\/plateforme\/wp-content\/uploads\/2016\/01\/logo-numero-vert-sos-hepatites-federation-super-HD.jpeg 1280w\" sizes=\"auto, (max-width: 300px) 100vw, 300px\" \/><\/p>\n<p><div class=\"question\">Quels sont les modes de contamination ?<\/div><div class=\"answer\">L\u2019h\u00e9patite C se transmet par le sang : partage d\u2019objets de toilette (rasoir, coupe-ongles\u2026), partage de mat\u00e9riel d\u2019injection et de snif entre usagers de drogue, transfusions avant 1992.<\/div><br \/>\n<div class=\"question\">J\u2019ai une h\u00e9patite C, puis-je envisager une grossesse ?<\/div><div class=\"answer\">L\u2019h\u00e9patite C n\u2019est pas une contre-indication \u00e0 la grossesse, le risque de transmission est faible (5% environ). Au cas o\u00f9 le b\u00e9b\u00e9 serait contamin\u00e9, c\u2019est une maladie lente et il sera possible de le traiter plus tard. Les experts conseillent cependant de faire le traitement et d\u2019envisager plut\u00f4t une grossesse ensuite.<\/div><br \/>\n<div class=\"question\">Je suis enceinte, est-ce que je risque de contaminer mon enfant ?<\/div><div class=\"answer\">Le risque de contamination est de 5%. La grossesse n\u2019est pas contre-indiqu\u00e9e, mais il est pr\u00e9f\u00e9rable d\u2019envisager un traitement avant la conception pour tenter d\u2019\u00e9liminer le virus.<\/div><\/p>\n<p><div class=\"question\">Quelles sont les pr\u00e9cautions \u00e0 prendre pour \u00e9viter de contaminer l\u2019entourage ?<\/div><div class=\"answer\">Il faut \u00e9viter de partager les objets qui peuvent \u00eatre en contact avec le sang : rasoir, pince \u00e0 \u00e9piler, coupe-ongles, brosses \u00e0 dents, mat\u00e9riel dentaire. Placez les serviettes p\u00e9riodiques usag\u00e9es dans des sachets ferm\u00e9s et jetez-les \u00e0 la poubelle.<\/div><\/p>\n<p><div class=\"question\">Je suis fatigu\u00e9, j\u2019ai des douleurs articulaires et musculaires, est-ce que j\u2019ai une h\u00e9patite C ?<\/div><div class=\"answer\">La fatigue peut avoir des causes multiples (stress, d\u00e9pression\u2026). Le seul moyen de savoir si on est porteur est le d\u00e9pistage, particuli\u00e8rement si on entre dans les cat\u00e9gories de personnes le plus susceptibles d\u2019avoir \u00e9t\u00e9 contamin\u00e9es (transfus\u00e9s avant 1992, toxicomanes, porteurs de tatouages ou de piercings\u2026).<\/div><\/p>\n<p><div class=\"question\">Dois-je dire \u00e0 mon employeur que j\u2019ai une h\u00e9patite C ? \u00c0 mon entourage? Aux acteurs de sant\u00e9 (dentiste, chirurgien\u2026) ?<\/div><div class=\"answer\">Vous n\u2019\u00eates pas tenus de le dire \u00e0 votre employeur, cela rel\u00e8ve de la vie priv\u00e9e et du secret m\u00e9dical.<br \/>\nPour votre entourage, c\u2019est \u00e0 vous de voir, il est quand m\u00eame pr\u00e9f\u00e9rable d\u2019avertir les gens qui partagent votre vie.<br \/>\nEt pour les professionnels de sant\u00e9, il est conseill\u00e9 de les mettre au courant, cela permet aussi de v\u00e9rifier que les prescriptions \u00e9ventuelles sont compatibles avec votre \u00e9tat.<\/div><\/p>\n<p><div class=\"question\">Quel r\u00e9gime particulier suivre pour ne pas aggraver l\u2019h\u00e9patite ?<\/div><div class=\"answer\">Pas de r\u00e9gime particulier, sauf en cas de r\u00e9gime sp\u00e9cifique, de pathologies sp\u00e9cifiques ou de surpoids.<br \/>\nPas d\u2019alcool \u00e9videmment, ou exceptionnellement et en petites quantit\u00e9s.<\/div><br \/>\n<div class=\"question\">Puis je faire du sport?<\/div><div class=\"answer\">Oui, vous n\u2019avez aucune raison de ne pas faire de sport. L\u2019activit\u00e9 physique est m\u00eame tr\u00e8s recommand\u00e9e. L\u2019exercice physique n\u2019a que du bon pour \u00e9liminer les graisses \u00e9galement.<\/div><\/p>\n<p><div class=\"question\">Je suis d\u00e9prim\u00e9, que me conseillez-vous ?<\/div><div class=\"answer\">Vous pouvez trouver de l\u2019aide aupr\u00e8s de professionnels (psychologue, psychiatre), d\u2019une association ou d\u2019un groupe de parole. Surtout, ne restez pas seul avec vos questions, votre angoisse ou votre d\u00e9prime.<\/div><\/p>\n<p><div class=\"question\">On m\u2019a diagnostiqu\u00e9 une h\u00e9patite C, que va-t-il se passer?<\/div><div class=\"answer\">Vous allez \u00eatre orient\u00e9 vers un h\u00e9patologue qui va vous prescrire diff\u00e9rents examens pour \u00e9valuer l\u2019inflammation et la fibrose sur votre foie, et vous faire ou non d\u00e9marrer un traitement pour tenter d\u2019\u00e9liminer le virus.<\/div><\/p>\n<p><div class=\"question\">Quels sont les examens que je vais subir?<\/div><div class=\"answer\">Prises de sang, Fibroscan, Fibrotest ou Fibrom\u00e8tre, \u00e9chographie doppler du foie, parfois biopsie (voir la rubrique Suivi et analyses)<\/div><\/p>\n<p><div class=\"question\">Vais-je avoir un traitement ?<\/div><div class=\"answer\">En fonction des crit\u00e8res d\u2019\u00e9ligibilit\u00e9 actuels, vous aurez un traitement si votre fibrose est au stade F2 ou plus, si vous \u00eates co-infect\u00e9 ou si avez des pathologies associ\u00e9s. \u00c0 voir avec votre h\u00e9patologue.<\/div><\/p>\n<p><div class=\"question\">Est-ce qu\u2019on traite les enfants ?<\/div><div class=\"answer\">Jusqu\u2019\u00e0 maintenant on ne traitait pas les enfants, sauf pour les formes graves parce que l\u2019interf\u00e9ron et la ribavirine ralentissent la croissance. On peut supposer qu\u2019avec les nouveaux traitements, la tol\u00e9rance sera meilleure et que les enfants pourront \u00eatre \u00e9galement trait\u00e9s.<\/div><\/p>\n<p><div class=\"question\">Quel traitement prendre ? Pendant combien de temps ? Quels sont les effets secondaires ?<\/div><div class=\"answer\">Les traitements donn\u00e9s aujourd\u2019hui sont de courte dur\u00e9e, 12 semaines et les effets secondaires sont assez bien tol\u00e9r\u00e9s.<\/div><\/p>\n<p><div class=\"question\">Combien de temps apr\u00e8s la fin du traitement est-on s\u00fbr qu\u2019il n\u2019y aura pas de rechute ?<\/div><div class=\"answer\">En g\u00e9n\u00e9ral, l\u2019h\u00e9patologue fait une recherche de virus un mois apr\u00e8s la fin du traitement, puis \u00e0 trois mois, et \u00e0 six mois. Si le virus est ind\u00e9tectable \u00e0 six mois, le risque de rechute est infime.<\/div><\/p>\n<p><div class=\"question\">Apr\u00e8s la gu\u00e9rison, dois-je continuer \u00e0 me faire suivre ?<\/div><div class=\"answer\">Oui, il est tr\u00e8s important de poursuivre le suivi apr\u00e8s le traitement. Particuli\u00e8rement si vous \u00eates au stade de cirrhose, une surveillance tous les six mois est indispensable.<\/div><\/p>\n<p><div class=\"question\">Peut-on vivre longtemps avec une cirrhose ?<\/div><div class=\"answer\">Oui, on peut vivre tr\u00e8s longtemps avec une cirrhose, et un diagnostic pr\u00e9coce permet d\u2019adapter au mieux le suivi m\u00e9dical. Mais il est essentiel de stopper la consommation d\u2019alcool.<\/div><\/p>\n<p><div class=\"question\">La cirrhose est-elle r\u00e9versible si l\u2019on gu\u00e9rit ?<\/div><div class=\"answer\">Si la cirrhose est bien install\u00e9e, ce ne sera pas r\u00e9versible, mais par contre une cirrhose \u00e0 peine install\u00e9e est r\u00e9versible, \u00e0 condition de ne plus boire d\u2019alcool bien s\u00fbr.<\/div><\/p>\n<p><div class=\"question\">Quels sont les signes qui peuvent faire penser \u00e0 un cancer ?<\/div><div class=\"answer\">Pas de signes sp\u00e9cifiques, d\u2019o\u00f9 l\u2019importance d\u2019un contr\u00f4le r\u00e9gulier chez le sp\u00e9cialiste avec dosage de l\u2019alpha-foetoprot\u00e9ine, et une \u00e9chographie doppler annuelle permettent de d\u00e9pister la survenue d\u2019un cancer.<\/div><\/p>\n<p><div class=\"question\">Puis-je pr\u00e9tendre \u00e0 une greffe ?<\/div><div class=\"answer\">Si votre \u00e9tat de sant\u00e9 se d\u00e9t\u00e9riore, l\u2019h\u00e9patologue pourra envisager de vous mettre sur une liste d\u2019attente.<\/div><\/p>\n<p><div class=\"question\">Quelles sont les d\u00e9marches pour une prise en charge \u00e0 100% par la S\u00e9curit\u00e9 sociale ?<\/div><div class=\"answer\">C\u2019est votre m\u00e9decin traitant ou votre h\u00e9patologue qui fera la demande de prise en charge, \u00e0 renouveler si besoin.<\/div><\/p>\n<p><div class=\"question\">Contamin\u00e9 par transfusion, puis-je m\u2019attendre \u00e0 une indemnisation ?<\/div><div class=\"answer\">Vous pouvez contacter l\u2019Office national d\u2019indemnisation des accidents m\u00e9dicaux, des affections iatrog\u00e8nes et des infections nosocomiales (Oniam) pour voir si vous \u00eates \u00e9ligible.<\/div><\/p>\n<p><div class=\"question\">Je souhaite faire un emprunt, quel assureur prendre pour que mon cr\u00e9dit soit accept\u00e9 ?<\/div><div class=\"answer\">Pour toute question d\u2019ordre juridique ou social, vous pouvez appeler la ligne Sant\u00e9 info droits g\u00e9r\u00e9e par le Collectif interassociatif sur la sant\u00e9 (Ciss) qui vous dira \u00e0 qui vous adresser.<\/div><\/p>\n<p>&nbsp;<\/p>\n","protected":false},"excerpt":{"rendered":"<p>Vous trouverez ici des r\u00e9ponses aux questions les plus fr\u00e9quentes sur l\u2019h\u00e9patite C. Pour toute autre demande, n\u2019h\u00e9sitez pas \u00e0 appeler le num\u00e9ro vert ou \u00e0 contacter l\u2019association SOS H\u00e9patites de votre r\u00e9gion (cliquez ici pour en conna\u00eetre les coordonn\u00e9es). &nbsp;<\/p>\n","protected":false},"author":1,"featured_media":0,"parent":4,"menu_order":7,"comment_status":"closed","ping_status":"closed","template":"page-templates\/pf2-hc-page-sans-article.php","meta":{"_acf_changed":false,"footnotes":""},"class_list":["post-27","page","type-page","status-publish","hentry"],"acf":[],"yoast_head":"<!-- This site is optimized with the Yoast SEO plugin v27.4 - https:\/\/yoast.com\/product\/yoast-seo-wordpress\/ -->\n<title>Foire aux questions - nous sommes H\u00c9PATANTS<\/title>\n<meta name=\"robots\" content=\"index, follow, max-snippet:-1, max-image-preview:large, max-video-preview:-1\" \/>\n<link rel=\"canonical\" href=\"https:\/\/soshepatites.org\/plateforme\/hepatite-c\/faq-hepatite-c\/\" \/>\n<meta property=\"og:locale\" content=\"fr_FR\" \/>\n<meta property=\"og:type\" content=\"article\" \/>\n<meta property=\"og:title\" content=\"Foire aux questions - nous sommes H\u00c9PATANTS\" \/>\n<meta property=\"og:description\" content=\"Vous trouverez ici des r\u00e9ponses aux questions les plus fr\u00e9quentes sur l\u2019h\u00e9patite C. Pour toute autre demande, n\u2019h\u00e9sitez pas \u00e0 appeler le num\u00e9ro vert ou \u00e0 contacter l\u2019association SOS H\u00e9patites de votre r\u00e9gion (cliquez ici pour en conna\u00eetre les coordonn\u00e9es). &nbsp;\" \/>\n<meta property=\"og:url\" content=\"https:\/\/soshepatites.org\/plateforme\/hepatite-c\/faq-hepatite-c\/\" \/>\n<meta property=\"og:site_name\" content=\"nous sommes H\u00c9PATANTS\" \/>\n<meta property=\"article:publisher\" content=\"https:\/\/www.facebook.com\/SOS.hepatites.Federation\/\" \/>\n<meta property=\"article:modified_time\" content=\"2017-03-17T14:44:16+00:00\" \/>\n<meta property=\"og:image\" content=\"http:\/\/www.soshepatites.org\/plateforme\/wp-content\/uploads\/2016\/01\/logo-numero-vert-sos-hepatites-federation-super-HD-300x46.jpeg\" \/>\n<meta name=\"twitter:card\" content=\"summary_large_image\" \/>\n<meta name=\"twitter:site\" content=\"@SOS_hepatites\" \/>\n<meta name=\"twitter:label1\" content=\"Dur\u00e9e de lecture estim\u00e9e\" \/>\n\t<meta name=\"twitter:data1\" content=\"6 minutes\" \/>\n<script type=\"application\/ld+json\" class=\"yoast-schema-graph\">{\"@context\":\"https:\\\/\\\/schema.org\",\"@graph\":[{\"@type\":\"WebPage\",\"@id\":\"https:\\\/\\\/soshepatites.org\\\/plateforme\\\/hepatite-c\\\/faq-hepatite-c\\\/\",\"url\":\"https:\\\/\\\/soshepatites.org\\\/plateforme\\\/hepatite-c\\\/faq-hepatite-c\\\/\",\"name\":\"Foire aux questions - nous sommes H\u00c9PATANTS\",\"isPartOf\":{\"@id\":\"https:\\\/\\\/soshepatites.org\\\/plateforme\\\/#website\"},\"primaryImageOfPage\":{\"@id\":\"https:\\\/\\\/soshepatites.org\\\/plateforme\\\/hepatite-c\\\/faq-hepatite-c\\\/#primaryimage\"},\"image\":{\"@id\":\"https:\\\/\\\/soshepatites.org\\\/plateforme\\\/hepatite-c\\\/faq-hepatite-c\\\/#primaryimage\"},\"thumbnailUrl\":\"http:\\\/\\\/www.soshepatites.org\\\/plateforme\\\/wp-content\\\/uploads\\\/2016\\\/01\\\/logo-numero-vert-sos-hepatites-federation-super-HD-300x46.jpeg\",\"datePublished\":\"2015-12-28T13:38:01+00:00\",\"dateModified\":\"2017-03-17T14:44:16+00:00\",\"breadcrumb\":{\"@id\":\"https:\\\/\\\/soshepatites.org\\\/plateforme\\\/hepatite-c\\\/faq-hepatite-c\\\/#breadcrumb\"},\"inLanguage\":\"fr-FR\",\"potentialAction\":[{\"@type\":\"ReadAction\",\"target\":[\"https:\\\/\\\/soshepatites.org\\\/plateforme\\\/hepatite-c\\\/faq-hepatite-c\\\/\"]}]},{\"@type\":\"ImageObject\",\"inLanguage\":\"fr-FR\",\"@id\":\"https:\\\/\\\/soshepatites.org\\\/plateforme\\\/hepatite-c\\\/faq-hepatite-c\\\/#primaryimage\",\"url\":\"http:\\\/\\\/www.soshepatites.org\\\/plateforme\\\/wp-content\\\/uploads\\\/2016\\\/01\\\/logo-numero-vert-sos-hepatites-federation-super-HD-300x46.jpeg\",\"contentUrl\":\"http:\\\/\\\/www.soshepatites.org\\\/plateforme\\\/wp-content\\\/uploads\\\/2016\\\/01\\\/logo-numero-vert-sos-hepatites-federation-super-HD-300x46.jpeg\"},{\"@type\":\"BreadcrumbList\",\"@id\":\"https:\\\/\\\/soshepatites.org\\\/plateforme\\\/hepatite-c\\\/faq-hepatite-c\\\/#breadcrumb\",\"itemListElement\":[{\"@type\":\"ListItem\",\"position\":1,\"name\":\"Accueil\",\"item\":\"https:\\\/\\\/soshepatites.org\\\/plateforme\\\/\"},{\"@type\":\"ListItem\",\"position\":2,\"name\":\"H\u00e9patite C\",\"item\":\"https:\\\/\\\/soshepatites.org\\\/plateforme\\\/hepatite-c\\\/\"},{\"@type\":\"ListItem\",\"position\":3,\"name\":\"Foire aux questions\"}]},{\"@type\":\"WebSite\",\"@id\":\"https:\\\/\\\/soshepatites.org\\\/plateforme\\\/#website\",\"url\":\"https:\\\/\\\/soshepatites.org\\\/plateforme\\\/\",\"name\":\"nous sommes H\u00c9PATANTS\",\"description\":\"Plateforme d&#039;information  sur les maladies du foie\",\"publisher\":{\"@id\":\"https:\\\/\\\/soshepatites.org\\\/plateforme\\\/#organization\"},\"potentialAction\":[{\"@type\":\"SearchAction\",\"target\":{\"@type\":\"EntryPoint\",\"urlTemplate\":\"https:\\\/\\\/soshepatites.org\\\/plateforme\\\/?s={search_term_string}\"},\"query-input\":{\"@type\":\"PropertyValueSpecification\",\"valueRequired\":true,\"valueName\":\"search_term_string\"}}],\"inLanguage\":\"fr-FR\"},{\"@type\":\"Organization\",\"@id\":\"https:\\\/\\\/soshepatites.org\\\/plateforme\\\/#organization\",\"name\":\"SOS HEPATITES FEDERATION\",\"url\":\"https:\\\/\\\/soshepatites.org\\\/plateforme\\\/\",\"logo\":{\"@type\":\"ImageObject\",\"inLanguage\":\"fr-FR\",\"@id\":\"https:\\\/\\\/soshepatites.org\\\/plateforme\\\/#\\\/schema\\\/logo\\\/image\\\/\",\"url\":\"https:\\\/\\\/soshepatites.org\\\/plateforme\\\/wp-content\\\/uploads\\\/2016\\\/01\\\/logo-sos-hepatite.png\",\"contentUrl\":\"https:\\\/\\\/soshepatites.org\\\/plateforme\\\/wp-content\\\/uploads\\\/2016\\\/01\\\/logo-sos-hepatite.png\",\"width\":220,\"height\":56,\"caption\":\"SOS HEPATITES FEDERATION\"},\"image\":{\"@id\":\"https:\\\/\\\/soshepatites.org\\\/plateforme\\\/#\\\/schema\\\/logo\\\/image\\\/\"},\"sameAs\":[\"https:\\\/\\\/www.facebook.com\\\/SOS.hepatites.Federation\\\/\",\"https:\\\/\\\/x.com\\\/SOS_hepatites\",\"https:\\\/\\\/www.youtube.com\\\/user\\\/soshepatitesfd\"]}]}<\/script>\n<!-- \/ Yoast SEO plugin. -->","yoast_head_json":{"title":"Foire aux questions - nous sommes H\u00c9PATANTS","robots":{"index":"index","follow":"follow","max-snippet":"max-snippet:-1","max-image-preview":"max-image-preview:large","max-video-preview":"max-video-preview:-1"},"canonical":"https:\/\/soshepatites.org\/plateforme\/hepatite-c\/faq-hepatite-c\/","og_locale":"fr_FR","og_type":"article","og_title":"Foire aux questions - nous sommes H\u00c9PATANTS","og_description":"Vous trouverez ici des r\u00e9ponses aux questions les plus fr\u00e9quentes sur l\u2019h\u00e9patite C. Pour toute autre demande, n\u2019h\u00e9sitez pas \u00e0 appeler le num\u00e9ro vert ou \u00e0 contacter l\u2019association SOS H\u00e9patites de votre r\u00e9gion (cliquez ici pour en conna\u00eetre les coordonn\u00e9es). &nbsp;","og_url":"https:\/\/soshepatites.org\/plateforme\/hepatite-c\/faq-hepatite-c\/","og_site_name":"nous sommes H\u00c9PATANTS","article_publisher":"https:\/\/www.facebook.com\/SOS.hepatites.Federation\/","article_modified_time":"2017-03-17T14:44:16+00:00","og_image":[{"url":"http:\/\/www.soshepatites.org\/plateforme\/wp-content\/uploads\/2016\/01\/logo-numero-vert-sos-hepatites-federation-super-HD-300x46.jpeg","type":"","width":"","height":""}],"twitter_card":"summary_large_image","twitter_site":"@SOS_hepatites","twitter_misc":{"Dur\u00e9e de lecture estim\u00e9e":"6 minutes"},"schema":{"@context":"https:\/\/schema.org","@graph":[{"@type":"WebPage","@id":"https:\/\/soshepatites.org\/plateforme\/hepatite-c\/faq-hepatite-c\/","url":"https:\/\/soshepatites.org\/plateforme\/hepatite-c\/faq-hepatite-c\/","name":"Foire aux questions - nous sommes H\u00c9PATANTS","isPartOf":{"@id":"https:\/\/soshepatites.org\/plateforme\/#website"},"primaryImageOfPage":{"@id":"https:\/\/soshepatites.org\/plateforme\/hepatite-c\/faq-hepatite-c\/#primaryimage"},"image":{"@id":"https:\/\/soshepatites.org\/plateforme\/hepatite-c\/faq-hepatite-c\/#primaryimage"},"thumbnailUrl":"http:\/\/www.soshepatites.org\/plateforme\/wp-content\/uploads\/2016\/01\/logo-numero-vert-sos-hepatites-federation-super-HD-300x46.jpeg","datePublished":"2015-12-28T13:38:01+00:00","dateModified":"2017-03-17T14:44:16+00:00","breadcrumb":{"@id":"https:\/\/soshepatites.org\/plateforme\/hepatite-c\/faq-hepatite-c\/#breadcrumb"},"inLanguage":"fr-FR","potentialAction":[{"@type":"ReadAction","target":["https:\/\/soshepatites.org\/plateforme\/hepatite-c\/faq-hepatite-c\/"]}]},{"@type":"ImageObject","inLanguage":"fr-FR","@id":"https:\/\/soshepatites.org\/plateforme\/hepatite-c\/faq-hepatite-c\/#primaryimage","url":"http:\/\/www.soshepatites.org\/plateforme\/wp-content\/uploads\/2016\/01\/logo-numero-vert-sos-hepatites-federation-super-HD-300x46.jpeg","contentUrl":"http:\/\/www.soshepatites.org\/plateforme\/wp-content\/uploads\/2016\/01\/logo-numero-vert-sos-hepatites-federation-super-HD-300x46.jpeg"},{"@type":"BreadcrumbList","@id":"https:\/\/soshepatites.org\/plateforme\/hepatite-c\/faq-hepatite-c\/#breadcrumb","itemListElement":[{"@type":"ListItem","position":1,"name":"Accueil","item":"https:\/\/soshepatites.org\/plateforme\/"},{"@type":"ListItem","position":2,"name":"H\u00e9patite C","item":"https:\/\/soshepatites.org\/plateforme\/hepatite-c\/"},{"@type":"ListItem","position":3,"name":"Foire aux questions"}]},{"@type":"WebSite","@id":"https:\/\/soshepatites.org\/plateforme\/#website","url":"https:\/\/soshepatites.org\/plateforme\/","name":"nous sommes H\u00c9PATANTS","description":"Plateforme d&#039;information  sur les maladies du foie","publisher":{"@id":"https:\/\/soshepatites.org\/plateforme\/#organization"},"potentialAction":[{"@type":"SearchAction","target":{"@type":"EntryPoint","urlTemplate":"https:\/\/soshepatites.org\/plateforme\/?s={search_term_string}"},"query-input":{"@type":"PropertyValueSpecification","valueRequired":true,"valueName":"search_term_string"}}],"inLanguage":"fr-FR"},{"@type":"Organization","@id":"https:\/\/soshepatites.org\/plateforme\/#organization","name":"SOS HEPATITES FEDERATION","url":"https:\/\/soshepatites.org\/plateforme\/","logo":{"@type":"ImageObject","inLanguage":"fr-FR","@id":"https:\/\/soshepatites.org\/plateforme\/#\/schema\/logo\/image\/","url":"https:\/\/soshepatites.org\/plateforme\/wp-content\/uploads\/2016\/01\/logo-sos-hepatite.png","contentUrl":"https:\/\/soshepatites.org\/plateforme\/wp-content\/uploads\/2016\/01\/logo-sos-hepatite.png","width":220,"height":56,"caption":"SOS HEPATITES FEDERATION"},"image":{"@id":"https:\/\/soshepatites.org\/plateforme\/#\/schema\/logo\/image\/"},"sameAs":["https:\/\/www.facebook.com\/SOS.hepatites.Federation\/","https:\/\/x.com\/SOS_hepatites","https:\/\/www.youtube.com\/user\/soshepatitesfd"]}]}},"_links":{"self":[{"href":"https:\/\/soshepatites.org\/plateforme\/wp-json\/wp\/v2\/pages\/27","targetHints":{"allow":["GET"]}}],"collection":[{"href":"https:\/\/soshepatites.org\/plateforme\/wp-json\/wp\/v2\/pages"}],"about":[{"href":"https:\/\/soshepatites.org\/plateforme\/wp-json\/wp\/v2\/types\/page"}],"author":[{"embeddable":true,"href":"https:\/\/soshepatites.org\/plateforme\/wp-json\/wp\/v2\/users\/1"}],"replies":[{"embeddable":true,"href":"https:\/\/soshepatites.org\/plateforme\/wp-json\/wp\/v2\/comments?post=27"}],"version-history":[{"count":5,"href":"https:\/\/soshepatites.org\/plateforme\/wp-json\/wp\/v2\/pages\/27\/revisions"}],"predecessor-version":[{"id":2134,"href":"https:\/\/soshepatites.org\/plateforme\/wp-json\/wp\/v2\/pages\/27\/revisions\/2134"}],"up":[{"embeddable":true,"href":"https:\/\/soshepatites.org\/plateforme\/wp-json\/wp\/v2\/pages\/4"}],"wp:attachment":[{"href":"https:\/\/soshepatites.org\/plateforme\/wp-json\/wp\/v2\/media?parent=27"}],"curies":[{"name":"wp","href":"https:\/\/api.w.org\/{rel}","templated":true}]}}